{"id":3037,"date":"2025-09-18T10:38:38","date_gmt":"2025-09-18T07:38:38","guid":{"rendered":"https:\/\/vanavorumaamuuseumid.ee\/?post_type=karilatsi-sundmus&#038;p=3037"},"modified":"2025-09-30T10:25:47","modified_gmt":"2025-09-30T07:25:47","slug":"karjalaste-mihklipaev","status":"publish","type":"karilatsi-sundmus","link":"https:\/\/vanavorumaamuuseumid.ee\/vo\/karilatsi-sundmus\/karjalaste-mihklipaev\/","title":{"rendered":"Karjalaste mihklip\u00e4ev"},"content":{"rendered":"<figure class=\"wp-block-image size-large is-resized\"><img decoding=\"async\" width=\"1024\" height=\"531\" src=\"https:\/\/vanavorumaamuuseumid.ee\/wp-content\/uploads\/2025\/09\/kaanepilt-1024x531.jfif\" alt=\"\" class=\"wp-image-3355\" style=\"width:935px;height:auto\" srcset=\"https:\/\/vanavorumaamuuseumid.ee\/wp-content\/uploads\/2025\/09\/kaanepilt-1024x531.jfif 1024w, https:\/\/vanavorumaamuuseumid.ee\/wp-content\/uploads\/2025\/09\/kaanepilt-600x311.jfif 600w, https:\/\/vanavorumaamuuseumid.ee\/wp-content\/uploads\/2025\/09\/kaanepilt-768x398.jfif 768w, https:\/\/vanavorumaamuuseumid.ee\/wp-content\/uploads\/2025\/09\/kaanepilt-1536x796.jfif 1536w, https:\/\/vanavorumaamuuseumid.ee\/wp-content\/uploads\/2025\/09\/kaanepilt-1080x560.jfif 1080w, https:\/\/vanavorumaamuuseumid.ee\/wp-content\/uploads\/2025\/09\/kaanepilt-1280x663.jfif 1280w, https:\/\/vanavorumaamuuseumid.ee\/wp-content\/uploads\/2025\/09\/kaanepilt-980x508.jfif 980w, https:\/\/vanavorumaamuuseumid.ee\/wp-content\/uploads\/2025\/09\/kaanepilt-480x249.jfif 480w, https:\/\/vanavorumaamuuseumid.ee\/wp-content\/uploads\/2025\/09\/kaanepilt.jfif 1600w\" sizes=\"(max-width: 1024px) 100vw, 1024px\" \/><\/figure>\n\n\n\n<p>25. september kuni 29. september<\/p>\n\n\n\n<p>Muuseumitund laste- ja \u00f5pilasgruppidele, kus r\u00e4\u00e4gime mihklip\u00e4eva kombestikust.<br>Mihklip\u00e4evast said karjalapsed ametist priiks, karjamaale anti kaasa kannikas paremat leiba ja \u00f5htul ootas kodus perenaine palgaga. Meie teeme l\u00f5ket ja m\u00e4ngime karjalaste m\u00e4nge. Katame mihklip\u00e4eva piknikulaua.<br>Muuseumitund kestab 1,5 tundi<br>Vajalik eelregistreerimine tel 5801 8601 v\u00f5i e-kirjaga&nbsp;<a href=\"\/vo\/&\/#x6d;&#x61;&#105;l&#x74;&#x6f;&#58;po&#x6c;&#x76;&#97;m&#x61;&#x61;&#64;&#119;i&#x2e;&#x65;&#101;\">&#112;&#x6f;&#108;&#x76;a&#x6d;a&#97;&#x40;&#119;&#x69;&#46;&#x65;e<\/a><br>September on eesti toidu kuu!<br><\/p>\n\n\n\n<h2 class=\"wp-block-heading\">Hind<\/h2>\n\n\n\n<p>3 eurot lapsed, 7 eurot t\u00e4iskasvanud<\/p>","protected":false},"featured_media":3355,"template":"","class_list":["post-3037","karilatsi-sundmus","type-karilatsi-sundmus","status-publish","has-post-thumbnail","hentry"],"acf":[],"yoast_head":"<!-- This site is optimized with the Yoast SEO plugin v27.4 - https:\/\/yoast.com\/product\/yoast-seo-wordpress\/ -->\n<title>Karjalaste mihklip\u00e4ev - Vana-V\u00f5rumaa muuseumid<\/title>\n<meta name=\"robots\" content=\"index, follow, max-snippet:-1, max-image-preview:large, max-video-preview:-1\" \/>\n<link rel=\"canonical\" href=\"https:\/\/vanavorumaamuuseumid.ee\/vo\/karilatsi-sundmus\/karjalaste-mihklipaev\/\" \/>\n<meta property=\"og:locale\" content=\"en_US\" \/>\n<meta property=\"og:type\" content=\"article\" \/>\n<meta property=\"og:title\" content=\"Karjalaste mihklip\u00e4ev - Vana-V\u00f5rumaa muuseumid\" \/>\n<meta property=\"og:description\" content=\"25. september kuni 29. september Muuseumitund laste- ja \u00f5pilasgruppidele, kus r\u00e4\u00e4gime mihklip\u00e4eva [&hellip;]\" \/>\n<meta property=\"og:url\" content=\"https:\/\/vanavorumaamuuseumid.ee\/vo\/karilatsi-sundmus\/karjalaste-mihklipaev\/\" \/>\n<meta property=\"og:site_name\" content=\"Vana-V\u00f5rumaa muuseumid\" \/>\n<meta property=\"article:modified_time\" content=\"2025-09-30T07:25:47+00:00\" \/>\n<meta property=\"og:image\" content=\"https:\/\/vanavorumaamuuseumid.ee\/wp-content\/uploads\/2025\/09\/kaanepilt.jfif\" \/>\n\t<meta property=\"og:image:width\" content=\"1600\" \/>\n\t<meta property=\"og:image:height\" content=\"829\" \/>\n\t<meta property=\"og:image:type\" content=\"image\/jpeg\" \/>\n<meta name=\"twitter:card\" content=\"summary_large_image\" \/>\n<script type=\"application\/ld+json\" class=\"yoast-schema-graph\">{\"@context\":\"https:\\\/\\\/schema.org\",\"@graph\":[{\"@type\":\"WebPage\",\"@id\":\"https:\\\/\\\/vanavorumaamuuseumid.ee\\\/karilatsi-sundmus\\\/karjalaste-mihklipaev\\\/\",\"url\":\"https:\\\/\\\/vanavorumaamuuseumid.ee\\\/karilatsi-sundmus\\\/karjalaste-mihklipaev\\\/\",\"name\":\"Karjalaste mihklip\u00e4ev - Vana-V\u00f5rumaa muuseumid\",\"isPartOf\":{\"@id\":\"https:\\\/\\\/vanavorumaamuuseumid.ee\\\/#website\"},\"primaryImageOfPage\":{\"@id\":\"https:\\\/\\\/vanavorumaamuuseumid.ee\\\/karilatsi-sundmus\\\/karjalaste-mihklipaev\\\/#primaryimage\"},\"image\":{\"@id\":\"https:\\\/\\\/vanavorumaamuuseumid.ee\\\/karilatsi-sundmus\\\/karjalaste-mihklipaev\\\/#primaryimage\"},\"thumbnailUrl\":\"https:\\\/\\\/vanavorumaamuuseumid.ee\\\/wp-content\\\/uploads\\\/2025\\\/09\\\/kaanepilt.jfif\",\"datePublished\":\"2025-09-18T07:38:38+00:00\",\"dateModified\":\"2025-09-30T07:25:47+00:00\",\"breadcrumb\":{\"@id\":\"https:\\\/\\\/vanavorumaamuuseumid.ee\\\/karilatsi-sundmus\\\/karjalaste-mihklipaev\\\/#breadcrumb\"},\"inLanguage\":\"vo\",\"potentialAction\":[{\"@type\":\"ReadAction\",\"target\":[\"https:\\\/\\\/vanavorumaamuuseumid.ee\\\/karilatsi-sundmus\\\/karjalaste-mihklipaev\\\/\"]}]},{\"@type\":\"ImageObject\",\"inLanguage\":\"vo\",\"@id\":\"https:\\\/\\\/vanavorumaamuuseumid.ee\\\/karilatsi-sundmus\\\/karjalaste-mihklipaev\\\/#primaryimage\",\"url\":\"https:\\\/\\\/vanavorumaamuuseumid.ee\\\/wp-content\\\/uploads\\\/2025\\\/09\\\/kaanepilt.jfif\",\"contentUrl\":\"https:\\\/\\\/vanavorumaamuuseumid.ee\\\/wp-content\\\/uploads\\\/2025\\\/09\\\/kaanepilt.jfif\",\"width\":1600,\"height\":829},{\"@type\":\"BreadcrumbList\",\"@id\":\"https:\\\/\\\/vanavorumaamuuseumid.ee\\\/karilatsi-sundmus\\\/karjalaste-mihklipaev\\\/#breadcrumb\",\"itemListElement\":[{\"@type\":\"ListItem\",\"position\":1,\"name\":\"Home\",\"item\":\"https:\\\/\\\/vanavorumaamuuseumid.ee\\\/\"},{\"@type\":\"ListItem\",\"position\":2,\"name\":\"Karjalaste mihklip\u00e4ev\"}]},{\"@type\":\"WebSite\",\"@id\":\"https:\\\/\\\/vanavorumaamuuseumid.ee\\\/#website\",\"url\":\"https:\\\/\\\/vanavorumaamuuseumid.ee\\\/\",\"name\":\"Vana-V\u00f5rumaa Muuseumid\",\"description\":\"V\u00f5rumaa Muuseum, Dr. Fr. R. Kreutzwaldi Memoriaalmuuseum, M\u00f5niste Talurahvamuuseum ja Karilatsi Vaba\u00f5humuuseum\",\"publisher\":{\"@id\":\"https:\\\/\\\/vanavorumaamuuseumid.ee\\\/#organization\"},\"potentialAction\":[{\"@type\":\"SearchAction\",\"target\":{\"@type\":\"EntryPoint\",\"urlTemplate\":\"https:\\\/\\\/vanavorumaamuuseumid.ee\\\/?s={search_term_string}\"},\"query-input\":{\"@type\":\"PropertyValueSpecification\",\"valueRequired\":true,\"valueName\":\"search_term_string\"}}],\"inLanguage\":\"vo\"},{\"@type\":\"Organization\",\"@id\":\"https:\\\/\\\/vanavorumaamuuseumid.ee\\\/#organization\",\"name\":\"V\u00f5ru Instituut\",\"url\":\"https:\\\/\\\/vanavorumaamuuseumid.ee\\\/\",\"logo\":{\"@type\":\"ImageObject\",\"inLanguage\":\"vo\",\"@id\":\"https:\\\/\\\/vanavorumaamuuseumid.ee\\\/#\\\/schema\\\/logo\\\/image\\\/\",\"url\":\"https:\\\/\\\/vanavorumaamuuseumid.ee\\\/wp-content\\\/uploads\\\/2025\\\/05\\\/vana-voromaa-muusoumi-250516.svg\",\"contentUrl\":\"https:\\\/\\\/vanavorumaamuuseumid.ee\\\/wp-content\\\/uploads\\\/2025\\\/05\\\/vana-voromaa-muusoumi-250516.svg\",\"width\":567,\"height\":80,\"caption\":\"V\u00f5ru Instituut\"},\"image\":{\"@id\":\"https:\\\/\\\/vanavorumaamuuseumid.ee\\\/#\\\/schema\\\/logo\\\/image\\\/\"}}]}<\/script>\n<!-- \/ Yoast SEO plugin. -->","yoast_head_json":{"title":"Karjalaste mihklip\u00e4ev - Vana-V\u00f5rumaa muuseumid","robots":{"index":"index","follow":"follow","max-snippet":"max-snippet:-1","max-image-preview":"max-image-preview:large","max-video-preview":"max-video-preview:-1"},"canonical":"https:\/\/vanavorumaamuuseumid.ee\/vo\/karilatsi-sundmus\/karjalaste-mihklipaev\/","og_locale":"en_US","og_type":"article","og_title":"Karjalaste mihklip\u00e4ev - Vana-V\u00f5rumaa muuseumid","og_description":"25. september kuni 29. september Muuseumitund laste- ja \u00f5pilasgruppidele, kus r\u00e4\u00e4gime mihklip\u00e4eva [&hellip;]","og_url":"https:\/\/vanavorumaamuuseumid.ee\/vo\/karilatsi-sundmus\/karjalaste-mihklipaev\/","og_site_name":"Vana-V\u00f5rumaa muuseumid","article_modified_time":"2025-09-30T07:25:47+00:00","og_image":[{"width":1600,"height":829,"url":"https:\/\/vanavorumaamuuseumid.ee\/wp-content\/uploads\/2025\/09\/kaanepilt.jfif","type":"image\/jpeg"}],"twitter_card":"summary_large_image","schema":{"@context":"https:\/\/schema.org","@graph":[{"@type":"WebPage","@id":"https:\/\/vanavorumaamuuseumid.ee\/karilatsi-sundmus\/karjalaste-mihklipaev\/","url":"https:\/\/vanavorumaamuuseumid.ee\/karilatsi-sundmus\/karjalaste-mihklipaev\/","name":"Karjalaste mihklip\u00e4ev - Vana-V\u00f5rumaa muuseumid","isPartOf":{"@id":"https:\/\/vanavorumaamuuseumid.ee\/#website"},"primaryImageOfPage":{"@id":"https:\/\/vanavorumaamuuseumid.ee\/karilatsi-sundmus\/karjalaste-mihklipaev\/#primaryimage"},"image":{"@id":"https:\/\/vanavorumaamuuseumid.ee\/karilatsi-sundmus\/karjalaste-mihklipaev\/#primaryimage"},"thumbnailUrl":"https:\/\/vanavorumaamuuseumid.ee\/wp-content\/uploads\/2025\/09\/kaanepilt.jfif","datePublished":"2025-09-18T07:38:38+00:00","dateModified":"2025-09-30T07:25:47+00:00","breadcrumb":{"@id":"https:\/\/vanavorumaamuuseumid.ee\/karilatsi-sundmus\/karjalaste-mihklipaev\/#breadcrumb"},"inLanguage":"vo","potentialAction":[{"@type":"ReadAction","target":["https:\/\/vanavorumaamuuseumid.ee\/karilatsi-sundmus\/karjalaste-mihklipaev\/"]}]},{"@type":"ImageObject","inLanguage":"vo","@id":"https:\/\/vanavorumaamuuseumid.ee\/karilatsi-sundmus\/karjalaste-mihklipaev\/#primaryimage","url":"https:\/\/vanavorumaamuuseumid.ee\/wp-content\/uploads\/2025\/09\/kaanepilt.jfif","contentUrl":"https:\/\/vanavorumaamuuseumid.ee\/wp-content\/uploads\/2025\/09\/kaanepilt.jfif","width":1600,"height":829},{"@type":"BreadcrumbList","@id":"https:\/\/vanavorumaamuuseumid.ee\/karilatsi-sundmus\/karjalaste-mihklipaev\/#breadcrumb","itemListElement":[{"@type":"ListItem","position":1,"name":"Home","item":"https:\/\/vanavorumaamuuseumid.ee\/"},{"@type":"ListItem","position":2,"name":"Karjalaste mihklip\u00e4ev"}]},{"@type":"WebSite","@id":"https:\/\/vanavorumaamuuseumid.ee\/#website","url":"https:\/\/vanavorumaamuuseumid.ee\/","name":"Vana-V\u00f5rumaa Muuseumid","description":"V\u00f5rumaa Muuseum, Dr. Fr. R. Kreutzwaldi Memoriaalmuuseum, M\u00f5niste Talurahvamuuseum ja Karilatsi Vaba\u00f5humuuseum","publisher":{"@id":"https:\/\/vanavorumaamuuseumid.ee\/#organization"},"potentialAction":[{"@type":"SearchAction","target":{"@type":"EntryPoint","urlTemplate":"https:\/\/vanavorumaamuuseumid.ee\/?s={search_term_string}"},"query-input":{"@type":"PropertyValueSpecification","valueRequired":true,"valueName":"search_term_string"}}],"inLanguage":"vo"},{"@type":"Organization","@id":"https:\/\/vanavorumaamuuseumid.ee\/#organization","name":"V\u00f5ru Instituut","url":"https:\/\/vanavorumaamuuseumid.ee\/","logo":{"@type":"ImageObject","inLanguage":"vo","@id":"https:\/\/vanavorumaamuuseumid.ee\/#\/schema\/logo\/image\/","url":"https:\/\/vanavorumaamuuseumid.ee\/wp-content\/uploads\/2025\/05\/vana-voromaa-muusoumi-250516.svg","contentUrl":"https:\/\/vanavorumaamuuseumid.ee\/wp-content\/uploads\/2025\/05\/vana-voromaa-muusoumi-250516.svg","width":567,"height":80,"caption":"V\u00f5ru Instituut"},"image":{"@id":"https:\/\/vanavorumaamuuseumid.ee\/#\/schema\/logo\/image\/"}}]}},"_links":{"self":[{"href":"https:\/\/vanavorumaamuuseumid.ee\/vo\/wp-json\/wp\/v2\/karilatsi-sundmus\/3037","targetHints":{"allow":["GET"]}}],"collection":[{"href":"https:\/\/vanavorumaamuuseumid.ee\/vo\/wp-json\/wp\/v2\/karilatsi-sundmus"}],"about":[{"href":"https:\/\/vanavorumaamuuseumid.ee\/vo\/wp-json\/wp\/v2\/types\/karilatsi-sundmus"}],"wp:featuredmedia":[{"embeddable":true,"href":"https:\/\/vanavorumaamuuseumid.ee\/vo\/wp-json\/wp\/v2\/media\/3355"}],"wp:attachment":[{"href":"https:\/\/vanavorumaamuuseumid.ee\/vo\/wp-json\/wp\/v2\/media?parent=3037"}],"curies":[{"name":"wp","href":"https:\/\/api.w.org\/{rel}","templated":true}]}}

Karjalaste mihklipäev

<figure class="wp-block-image size-large is-resized"><img decoding="async" width="1024" height="531" src="https://vanavorumaamuuseumid.ee/wp-content/uploads/2025/09/kaanepilt-1024x531.jfif" alt="" class="wp-image-3355" style="width:935px;height:auto" srcset="https://vanavorumaamuuseumid.ee/wp-content/uploads/2025/09/kaanepilt-1024x531.jfif 1024w, https://vanavorumaamuuseumid.ee/wp-content/uploads/2025/09/kaanepilt-600x311.jfif 600w, https://vanavorumaamuuseumid.ee/wp-content/uploads/2025/09/kaanepilt-768x398.jfif 768w, https://vanavorumaamuuseumid.ee/wp-content/uploads/2025/09/kaanepilt-1536x796.jfif 1536w, https://vanavorumaamuuseumid.ee/wp-content/uploads/2025/09/kaanepilt-1080x560.jfif 1080w, https://vanavorumaamuuseumid.ee/wp-content/uploads/2025/09/kaanepilt-1280x663.jfif 1280w, https://vanavorumaamuuseumid.ee/wp-content/uploads/2025/09/kaanepilt-980x508.jfif 980w, https://vanavorumaamuuseumid.ee/wp-content/uploads/2025/09/kaanepilt-480x249.jfif 480w, https://vanavorumaamuuseumid.ee/wp-content/uploads/2025/09/kaanepilt.jfif 1600w" sizes="(max-width: 1024px) 100vw, 1024px" /></figure>



<p>25. september kuni 29. september</p>



<p>Muuseumitund laste- ja õpilasgruppidele, kus räägime mihklipäeva kombestikust.<br>Mihklipäevast said karjalapsed ametist priiks, karjamaale anti kaasa kannikas paremat leiba ja õhtul ootas kodus perenaine palgaga. Meie teeme lõket ja mängime karjalaste mänge. Katame mihklipäeva piknikulaua.<br>Muuseumitund kestab 1,5 tundi<br>Vajalik eelregistreerimine tel 5801 8601 või e-kirjaga&nbsp;<a href="/vo/&/#x6d;&#x61;&#105;l&#x74;&#x6f;&#58;po&#x6c;&#x76;&#97;m&#x61;&#x61;&#64;&#119;i&#x2e;&#x65;&#101;">&#112;&#x6f;&#108;&#x76;a&#x6d;a&#97;&#x40;&#119;&#x69;&#46;&#x65;e</a><br>September on eesti toidu kuu!<br></p>



<h2 class="wp-block-heading">Hind</h2>



<p>3 eurot lapsed, 7 eurot täiskasvanud</p>

<!-- This site is optimized with the Yoast SEO plugin v27.4 - https://yoast.com/product/yoast-seo-wordpress/ -->
<title>Karjalaste mihklipäev - Vana-Võrumaa muuseumid</title>
<meta name="robots" content="index, follow, max-snippet:-1, max-image-preview:large, max-video-preview:-1" />
<link rel="canonical" href="https://vanavorumaamuuseumid.ee/vo/karilatsi-sundmus/karjalaste-mihklipaev/" />
<meta property="og:locale" content="en_US" />
<meta property="og:type" content="article" />
<meta property="og:title" content="Karjalaste mihklipäev - Vana-Võrumaa muuseumid" />
<meta property="og:description" content="25. september kuni 29. september Muuseumitund laste- ja õpilasgruppidele, kus räägime mihklipäeva [&hellip;]" />
<meta property="og:url" content="https://vanavorumaamuuseumid.ee/vo/karilatsi-sundmus/karjalaste-mihklipaev/" />
<meta property="og:site_name" content="Vana-Võrumaa muuseumid" />
<meta property="article:modified_time" content="2025-09-30T07:25:47+00:00" />
<meta property="og:image" content="https://vanavorumaamuuseumid.ee/wp-content/uploads/2025/09/kaanepilt.jfif" />
	<meta property="og:image:width" content="1600" />
	<meta property="og:image:height" content="829" />
	<meta property="og:image:type" content="image/jpeg" />
<meta name="twitter:card" content="summary_large_image" />
<script type="application/ld+json" class="yoast-schema-graph">{"@context":"https:\/\/schema.org","@graph":[{"@type":"WebPage","@id":"https:\/\/vanavorumaamuuseumid.ee\/karilatsi-sundmus\/karjalaste-mihklipaev\/","url":"https:\/\/vanavorumaamuuseumid.ee\/karilatsi-sundmus\/karjalaste-mihklipaev\/","name":"Karjalaste mihklipäev - Vana-Võrumaa muuseumid","isPartOf":{"@id":"https:\/\/vanavorumaamuuseumid.ee\/#website"},"primaryImageOfPage":{"@id":"https:\/\/vanavorumaamuuseumid.ee\/karilatsi-sundmus\/karjalaste-mihklipaev\/#primaryimage"},"image":{"@id":"https:\/\/vanavorumaamuuseumid.ee\/karilatsi-sundmus\/karjalaste-mihklipaev\/#primaryimage"},"thumbnailUrl":"https:\/\/vanavorumaamuuseumid.ee\/wp-content\/uploads\/2025\/09\/kaanepilt.jfif","datePublished":"2025-09-18T07:38:38+00:00","dateModified":"2025-09-30T07:25:47+00:00","breadcrumb":{"@id":"https:\/\/vanavorumaamuuseumid.ee\/karilatsi-sundmus\/karjalaste-mihklipaev\/#breadcrumb"},"inLanguage":"vo","potentialAction":[{"@type":"ReadAction","target":["https:\/\/vanavorumaamuuseumid.ee\/karilatsi-sundmus\/karjalaste-mihklipaev\/"]}]},{"@type":"ImageObject","inLanguage":"vo","@id":"https:\/\/vanavorumaamuuseumid.ee\/karilatsi-sundmus\/karjalaste-mihklipaev\/#primaryimage","url":"https:\/\/vanavorumaamuuseumid.ee\/wp-content\/uploads\/2025\/09\/kaanepilt.jfif","contentUrl":"https:\/\/vanavorumaamuuseumid.ee\/wp-content\/uploads\/2025\/09\/kaanepilt.jfif","width":1600,"height":829},{"@type":"BreadcrumbList","@id":"https:\/\/vanavorumaamuuseumid.ee\/karilatsi-sundmus\/karjalaste-mihklipaev\/#breadcrumb","itemListElement":[{"@type":"ListItem","position":1,"name":"Home","item":"https:\/\/vanavorumaamuuseumid.ee\/"},{"@type":"ListItem","position":2,"name":"Karjalaste mihklipäev"}]},{"@type":"WebSite","@id":"https:\/\/vanavorumaamuuseumid.ee\/#website","url":"https:\/\/vanavorumaamuuseumid.ee\/","name":"Vana-Võrumaa Muuseumid","description":"Võrumaa Muuseum, Dr. Fr. R. Kreutzwaldi Memoriaalmuuseum, Mõniste Talurahvamuuseum ja Karilatsi Vabaõhumuuseum","publisher":{"@id":"https:\/\/vanavorumaamuuseumid.ee\/#organization"},"potentialAction":[{"@type":"SearchAction","target":{"@type":"EntryPoint","urlTemplate":"https:\/\/vanavorumaamuuseumid.ee\/?s={search_term_string}"},"query-input":{"@type":"PropertyValueSpecification","valueRequired":true,"valueName":"search_term_string"}}],"inLanguage":"vo"},{"@type":"Organization","@id":"https:\/\/vanavorumaamuuseumid.ee\/#organization","name":"Võru Instituut","url":"https:\/\/vanavorumaamuuseumid.ee\/","logo":{"@type":"ImageObject","inLanguage":"vo","@id":"https:\/\/vanavorumaamuuseumid.ee\/#\/schema\/logo\/image\/","url":"https:\/\/vanavorumaamuuseumid.ee\/wp-content\/uploads\/2025\/05\/vana-voromaa-muusoumi-250516.svg","contentUrl":"https:\/\/vanavorumaamuuseumid.ee\/wp-content\/uploads\/2025\/05\/vana-voromaa-muusoumi-250516.svg","width":567,"height":80,"caption":"Võru Instituut"},"image":{"@id":"https:\/\/vanavorumaamuuseumid.ee\/#\/schema\/logo\/image\/"}}]}</script>
<!-- / Yoast SEO plugin. -->

Karjalaste mihklipäev - Vana-Võrumaa muuseumid

25. september kuni 29. september Muuseumitund laste- ja õpilasgruppidele, kus räägime mihklipäeva [&hellip;]

Vana-Võrumaa muuseumid

Vana-Võrumaa Muuseumid

Võrumaa Muuseum, Dr. Fr. R. Kreutzwaldi Memoriaalmuuseum, Mõniste Talurahvamuuseum ja Karilatsi Vabaõhumuuseum

Võru Instituut
