{"id":3141,"date":"2025-09-24T11:32:18","date_gmt":"2025-09-24T08:32:18","guid":{"rendered":"https:\/\/vanavorumaamuuseumid.ee\/?post_type=lauluisa-diginaitus&#038;p=3141"},"modified":"2025-09-24T11:32:48","modified_gmt":"2025-09-24T08:32:48","slug":"fr-r-kreutzwaldi-kalevipoja-tolked","status":"publish","type":"lauluisa-diginaitus","link":"https:\/\/vanavorumaamuuseumid.ee\/vo\/lauluisa-diginaitus\/fr-r-kreutzwaldi-kalevipoja-tolked\/","title":{"rendered":"Fr. R. KREUTZWALDI &#8220;KALEVIPOJA&#8221; T\u00d5LKED"},"content":{"rendered":"<p><strong><em>Fr. R. Kreutzwaldi \u201cKalevipoja\u201d t\u00f5lkijad ja t\u00f5lked koos kordustr\u00fckkidega, ilmunud 14 keeles<\/em><\/strong><\/p>\n\n\n\n<figure class=\"wp-block-image size-large is-resized\"><a href=\"https:\/\/vanavorumaamuuseumid.ee\/wp-content\/uploads\/2025\/09\/Fr.-R.-KREUTZWALDI-KALEVIPOJA-TOLKED.pdf\"><img decoding=\"async\" width=\"1024\" height=\"755\" src=\"https:\/\/vanavorumaamuuseumid.ee\/wp-content\/uploads\/2025\/09\/Picture1-2-1024x755.jpg\" alt=\"\" class=\"wp-image-3143\" style=\"width:500px\" srcset=\"https:\/\/vanavorumaamuuseumid.ee\/wp-content\/uploads\/2025\/09\/Picture1-2-980x723.jpg 980w, https:\/\/vanavorumaamuuseumid.ee\/wp-content\/uploads\/2025\/09\/Picture1-2-480x354.jpg 480w\" sizes=\"(min-width: 0px) and (max-width: 480px) 480px, (min-width: 481px) and (max-width: 980px) 980px, (min-width: 981px) 1024px, 100vw\" \/><\/a><\/figure>","protected":false},"featured_media":3143,"template":"","class_list":["post-3141","lauluisa-diginaitus","type-lauluisa-diginaitus","status-publish","has-post-thumbnail","hentry"],"acf":[],"yoast_head":"<!-- This site is optimized with the Yoast SEO plugin v27.4 - https:\/\/yoast.com\/product\/yoast-seo-wordpress\/ -->\n<title>Fr. R. KREUTZWALDI &quot;KALEVIPOJA&quot; T\u00d5LKED - Vana-V\u00f5rumaa muuseumid<\/title>\n<meta name=\"robots\" content=\"index, follow, max-snippet:-1, max-image-preview:large, max-video-preview:-1\" \/>\n<link rel=\"canonical\" href=\"https:\/\/vanavorumaamuuseumid.ee\/vo\/lauluisa-diginaitus\/fr-r-kreutzwaldi-kalevipoja-tolked\/\" \/>\n<meta property=\"og:locale\" content=\"en_US\" \/>\n<meta property=\"og:type\" content=\"article\" \/>\n<meta property=\"og:title\" content=\"Fr. R. KREUTZWALDI &quot;KALEVIPOJA&quot; T\u00d5LKED - Vana-V\u00f5rumaa muuseumid\" \/>\n<meta property=\"og:description\" content=\"Fr. R. Kreutzwaldi \u201cKalevipoja\u201d t\u00f5lkijad ja t\u00f5lked koos kordustr\u00fckkidega, ilmunud 14 keeles\" \/>\n<meta property=\"og:url\" content=\"https:\/\/vanavorumaamuuseumid.ee\/vo\/lauluisa-diginaitus\/fr-r-kreutzwaldi-kalevipoja-tolked\/\" \/>\n<meta property=\"og:site_name\" content=\"Vana-V\u00f5rumaa muuseumid\" \/>\n<meta property=\"article:modified_time\" content=\"2025-09-24T08:32:48+00:00\" \/>\n<meta property=\"og:image\" content=\"https:\/\/vanavorumaamuuseumid.ee\/wp-content\/uploads\/2025\/09\/Picture1-2.jpg\" \/>\n\t<meta property=\"og:image:width\" content=\"1406\" \/>\n\t<meta property=\"og:image:height\" content=\"1037\" \/>\n\t<meta property=\"og:image:type\" content=\"image\/jpeg\" \/>\n<meta name=\"twitter:card\" content=\"summary_large_image\" \/>\n<script type=\"application\/ld+json\" class=\"yoast-schema-graph\">{\"@context\":\"https:\\\/\\\/schema.org\",\"@graph\":[{\"@type\":\"WebPage\",\"@id\":\"https:\\\/\\\/vanavorumaamuuseumid.ee\\\/lauluisa-diginaitus\\\/fr-r-kreutzwaldi-kalevipoja-tolked\\\/\",\"url\":\"https:\\\/\\\/vanavorumaamuuseumid.ee\\\/lauluisa-diginaitus\\\/fr-r-kreutzwaldi-kalevipoja-tolked\\\/\",\"name\":\"Fr. R. KREUTZWALDI \\\"KALEVIPOJA\\\" T\u00d5LKED - Vana-V\u00f5rumaa muuseumid\",\"isPartOf\":{\"@id\":\"https:\\\/\\\/vanavorumaamuuseumid.ee\\\/#website\"},\"primaryImageOfPage\":{\"@id\":\"https:\\\/\\\/vanavorumaamuuseumid.ee\\\/lauluisa-diginaitus\\\/fr-r-kreutzwaldi-kalevipoja-tolked\\\/#primaryimage\"},\"image\":{\"@id\":\"https:\\\/\\\/vanavorumaamuuseumid.ee\\\/lauluisa-diginaitus\\\/fr-r-kreutzwaldi-kalevipoja-tolked\\\/#primaryimage\"},\"thumbnailUrl\":\"https:\\\/\\\/vanavorumaamuuseumid.ee\\\/wp-content\\\/uploads\\\/2025\\\/09\\\/Picture1-2.jpg\",\"datePublished\":\"2025-09-24T08:32:18+00:00\",\"dateModified\":\"2025-09-24T08:32:48+00:00\",\"breadcrumb\":{\"@id\":\"https:\\\/\\\/vanavorumaamuuseumid.ee\\\/lauluisa-diginaitus\\\/fr-r-kreutzwaldi-kalevipoja-tolked\\\/#breadcrumb\"},\"inLanguage\":\"vo\",\"potentialAction\":[{\"@type\":\"ReadAction\",\"target\":[\"https:\\\/\\\/vanavorumaamuuseumid.ee\\\/lauluisa-diginaitus\\\/fr-r-kreutzwaldi-kalevipoja-tolked\\\/\"]}]},{\"@type\":\"ImageObject\",\"inLanguage\":\"vo\",\"@id\":\"https:\\\/\\\/vanavorumaamuuseumid.ee\\\/lauluisa-diginaitus\\\/fr-r-kreutzwaldi-kalevipoja-tolked\\\/#primaryimage\",\"url\":\"https:\\\/\\\/vanavorumaamuuseumid.ee\\\/wp-content\\\/uploads\\\/2025\\\/09\\\/Picture1-2.jpg\",\"contentUrl\":\"https:\\\/\\\/vanavorumaamuuseumid.ee\\\/wp-content\\\/uploads\\\/2025\\\/09\\\/Picture1-2.jpg\",\"width\":1406,\"height\":1037},{\"@type\":\"BreadcrumbList\",\"@id\":\"https:\\\/\\\/vanavorumaamuuseumid.ee\\\/lauluisa-diginaitus\\\/fr-r-kreutzwaldi-kalevipoja-tolked\\\/#breadcrumb\",\"itemListElement\":[{\"@type\":\"ListItem\",\"position\":1,\"name\":\"Home\",\"item\":\"https:\\\/\\\/vanavorumaamuuseumid.ee\\\/\"},{\"@type\":\"ListItem\",\"position\":2,\"name\":\"Fr. R. KREUTZWALDI &#8220;KALEVIPOJA&#8221; T\u00d5LKED\"}]},{\"@type\":\"WebSite\",\"@id\":\"https:\\\/\\\/vanavorumaamuuseumid.ee\\\/#website\",\"url\":\"https:\\\/\\\/vanavorumaamuuseumid.ee\\\/\",\"name\":\"Vana-V\u00f5rumaa Muuseumid\",\"description\":\"V\u00f5rumaa Muuseum, Dr. Fr. R. Kreutzwaldi Memoriaalmuuseum, M\u00f5niste Talurahvamuuseum ja Karilatsi Vaba\u00f5humuuseum\",\"publisher\":{\"@id\":\"https:\\\/\\\/vanavorumaamuuseumid.ee\\\/#organization\"},\"potentialAction\":[{\"@type\":\"SearchAction\",\"target\":{\"@type\":\"EntryPoint\",\"urlTemplate\":\"https:\\\/\\\/vanavorumaamuuseumid.ee\\\/?s={search_term_string}\"},\"query-input\":{\"@type\":\"PropertyValueSpecification\",\"valueRequired\":true,\"valueName\":\"search_term_string\"}}],\"inLanguage\":\"vo\"},{\"@type\":\"Organization\",\"@id\":\"https:\\\/\\\/vanavorumaamuuseumid.ee\\\/#organization\",\"name\":\"V\u00f5ru Instituut\",\"url\":\"https:\\\/\\\/vanavorumaamuuseumid.ee\\\/\",\"logo\":{\"@type\":\"ImageObject\",\"inLanguage\":\"vo\",\"@id\":\"https:\\\/\\\/vanavorumaamuuseumid.ee\\\/#\\\/schema\\\/logo\\\/image\\\/\",\"url\":\"https:\\\/\\\/vanavorumaamuuseumid.ee\\\/wp-content\\\/uploads\\\/2025\\\/05\\\/vana-voromaa-muusoumi-250516.svg\",\"contentUrl\":\"https:\\\/\\\/vanavorumaamuuseumid.ee\\\/wp-content\\\/uploads\\\/2025\\\/05\\\/vana-voromaa-muusoumi-250516.svg\",\"width\":567,\"height\":80,\"caption\":\"V\u00f5ru Instituut\"},\"image\":{\"@id\":\"https:\\\/\\\/vanavorumaamuuseumid.ee\\\/#\\\/schema\\\/logo\\\/image\\\/\"}}]}<\/script>\n<!-- \/ Yoast SEO plugin. -->","yoast_head_json":{"title":"Fr. R. KREUTZWALDI \"KALEVIPOJA\" T\u00d5LKED - Vana-V\u00f5rumaa muuseumid","robots":{"index":"index","follow":"follow","max-snippet":"max-snippet:-1","max-image-preview":"max-image-preview:large","max-video-preview":"max-video-preview:-1"},"canonical":"https:\/\/vanavorumaamuuseumid.ee\/vo\/lauluisa-diginaitus\/fr-r-kreutzwaldi-kalevipoja-tolked\/","og_locale":"en_US","og_type":"article","og_title":"Fr. R. KREUTZWALDI \"KALEVIPOJA\" T\u00d5LKED - Vana-V\u00f5rumaa muuseumid","og_description":"Fr. R. Kreutzwaldi \u201cKalevipoja\u201d t\u00f5lkijad ja t\u00f5lked koos kordustr\u00fckkidega, ilmunud 14 keeles","og_url":"https:\/\/vanavorumaamuuseumid.ee\/vo\/lauluisa-diginaitus\/fr-r-kreutzwaldi-kalevipoja-tolked\/","og_site_name":"Vana-V\u00f5rumaa muuseumid","article_modified_time":"2025-09-24T08:32:48+00:00","og_image":[{"width":1406,"height":1037,"url":"https:\/\/vanavorumaamuuseumid.ee\/wp-content\/uploads\/2025\/09\/Picture1-2.jpg","type":"image\/jpeg"}],"twitter_card":"summary_large_image","schema":{"@context":"https:\/\/schema.org","@graph":[{"@type":"WebPage","@id":"https:\/\/vanavorumaamuuseumid.ee\/lauluisa-diginaitus\/fr-r-kreutzwaldi-kalevipoja-tolked\/","url":"https:\/\/vanavorumaamuuseumid.ee\/lauluisa-diginaitus\/fr-r-kreutzwaldi-kalevipoja-tolked\/","name":"Fr. R. KREUTZWALDI \"KALEVIPOJA\" T\u00d5LKED - Vana-V\u00f5rumaa muuseumid","isPartOf":{"@id":"https:\/\/vanavorumaamuuseumid.ee\/#website"},"primaryImageOfPage":{"@id":"https:\/\/vanavorumaamuuseumid.ee\/lauluisa-diginaitus\/fr-r-kreutzwaldi-kalevipoja-tolked\/#primaryimage"},"image":{"@id":"https:\/\/vanavorumaamuuseumid.ee\/lauluisa-diginaitus\/fr-r-kreutzwaldi-kalevipoja-tolked\/#primaryimage"},"thumbnailUrl":"https:\/\/vanavorumaamuuseumid.ee\/wp-content\/uploads\/2025\/09\/Picture1-2.jpg","datePublished":"2025-09-24T08:32:18+00:00","dateModified":"2025-09-24T08:32:48+00:00","breadcrumb":{"@id":"https:\/\/vanavorumaamuuseumid.ee\/lauluisa-diginaitus\/fr-r-kreutzwaldi-kalevipoja-tolked\/#breadcrumb"},"inLanguage":"vo","potentialAction":[{"@type":"ReadAction","target":["https:\/\/vanavorumaamuuseumid.ee\/lauluisa-diginaitus\/fr-r-kreutzwaldi-kalevipoja-tolked\/"]}]},{"@type":"ImageObject","inLanguage":"vo","@id":"https:\/\/vanavorumaamuuseumid.ee\/lauluisa-diginaitus\/fr-r-kreutzwaldi-kalevipoja-tolked\/#primaryimage","url":"https:\/\/vanavorumaamuuseumid.ee\/wp-content\/uploads\/2025\/09\/Picture1-2.jpg","contentUrl":"https:\/\/vanavorumaamuuseumid.ee\/wp-content\/uploads\/2025\/09\/Picture1-2.jpg","width":1406,"height":1037},{"@type":"BreadcrumbList","@id":"https:\/\/vanavorumaamuuseumid.ee\/lauluisa-diginaitus\/fr-r-kreutzwaldi-kalevipoja-tolked\/#breadcrumb","itemListElement":[{"@type":"ListItem","position":1,"name":"Home","item":"https:\/\/vanavorumaamuuseumid.ee\/"},{"@type":"ListItem","position":2,"name":"Fr. R. KREUTZWALDI &#8220;KALEVIPOJA&#8221; T\u00d5LKED"}]},{"@type":"WebSite","@id":"https:\/\/vanavorumaamuuseumid.ee\/#website","url":"https:\/\/vanavorumaamuuseumid.ee\/","name":"Vana-V\u00f5rumaa Muuseumid","description":"V\u00f5rumaa Muuseum, Dr. Fr. R. Kreutzwaldi Memoriaalmuuseum, M\u00f5niste Talurahvamuuseum ja Karilatsi Vaba\u00f5humuuseum","publisher":{"@id":"https:\/\/vanavorumaamuuseumid.ee\/#organization"},"potentialAction":[{"@type":"SearchAction","target":{"@type":"EntryPoint","urlTemplate":"https:\/\/vanavorumaamuuseumid.ee\/?s={search_term_string}"},"query-input":{"@type":"PropertyValueSpecification","valueRequired":true,"valueName":"search_term_string"}}],"inLanguage":"vo"},{"@type":"Organization","@id":"https:\/\/vanavorumaamuuseumid.ee\/#organization","name":"V\u00f5ru Instituut","url":"https:\/\/vanavorumaamuuseumid.ee\/","logo":{"@type":"ImageObject","inLanguage":"vo","@id":"https:\/\/vanavorumaamuuseumid.ee\/#\/schema\/logo\/image\/","url":"https:\/\/vanavorumaamuuseumid.ee\/wp-content\/uploads\/2025\/05\/vana-voromaa-muusoumi-250516.svg","contentUrl":"https:\/\/vanavorumaamuuseumid.ee\/wp-content\/uploads\/2025\/05\/vana-voromaa-muusoumi-250516.svg","width":567,"height":80,"caption":"V\u00f5ru Instituut"},"image":{"@id":"https:\/\/vanavorumaamuuseumid.ee\/#\/schema\/logo\/image\/"}}]}},"_links":{"self":[{"href":"https:\/\/vanavorumaamuuseumid.ee\/vo\/wp-json\/wp\/v2\/lauluisa-diginaitus\/3141","targetHints":{"allow":["GET"]}}],"collection":[{"href":"https:\/\/vanavorumaamuuseumid.ee\/vo\/wp-json\/wp\/v2\/lauluisa-diginaitus"}],"about":[{"href":"https:\/\/vanavorumaamuuseumid.ee\/vo\/wp-json\/wp\/v2\/types\/lauluisa-diginaitus"}],"wp:featuredmedia":[{"embeddable":true,"href":"https:\/\/vanavorumaamuuseumid.ee\/vo\/wp-json\/wp\/v2\/media\/3143"}],"wp:attachment":[{"href":"https:\/\/vanavorumaamuuseumid.ee\/vo\/wp-json\/wp\/v2\/media?parent=3141"}],"curies":[{"name":"wp","href":"https:\/\/api.w.org\/{rel}","templated":true}]}}

Fr. R. KREUTZWALDI &#8220;KALEVIPOJA&#8221; TÕLKED

<p><strong><em>Fr. R. Kreutzwaldi “Kalevipoja” tõlkijad ja tõlked koos kordustrükkidega, ilmunud 14 keeles</em></strong></p>



<figure class="wp-block-image size-large is-resized"><a href="https://vanavorumaamuuseumid.ee/wp-content/uploads/2025/09/Fr.-R.-KREUTZWALDI-KALEVIPOJA-TOLKED.pdf"><img decoding="async" width="1024" height="755" src="https://vanavorumaamuuseumid.ee/wp-content/uploads/2025/09/Picture1-2-1024x755.jpg" alt="" class="wp-image-3143" style="width:500px" srcset="https://vanavorumaamuuseumid.ee/wp-content/uploads/2025/09/Picture1-2-980x723.jpg 980w, https://vanavorumaamuuseumid.ee/wp-content/uploads/2025/09/Picture1-2-480x354.jpg 480w" sizes="(min-width: 0px) and (max-width: 480px) 480px, (min-width: 481px) and (max-width: 980px) 980px, (min-width: 981px) 1024px, 100vw" /></a></figure>

<!-- This site is optimized with the Yoast SEO plugin v27.4 - https://yoast.com/product/yoast-seo-wordpress/ -->
<title>Fr. R. KREUTZWALDI &quot;KALEVIPOJA&quot; TÕLKED - Vana-Võrumaa muuseumid</title>
<meta name="robots" content="index, follow, max-snippet:-1, max-image-preview:large, max-video-preview:-1" />
<link rel="canonical" href="https://vanavorumaamuuseumid.ee/vo/lauluisa-diginaitus/fr-r-kreutzwaldi-kalevipoja-tolked/" />
<meta property="og:locale" content="en_US" />
<meta property="og:type" content="article" />
<meta property="og:title" content="Fr. R. KREUTZWALDI &quot;KALEVIPOJA&quot; TÕLKED - Vana-Võrumaa muuseumid" />
<meta property="og:description" content="Fr. R. Kreutzwaldi “Kalevipoja” tõlkijad ja tõlked koos kordustrükkidega, ilmunud 14 keeles" />
<meta property="og:url" content="https://vanavorumaamuuseumid.ee/vo/lauluisa-diginaitus/fr-r-kreutzwaldi-kalevipoja-tolked/" />
<meta property="og:site_name" content="Vana-Võrumaa muuseumid" />
<meta property="article:modified_time" content="2025-09-24T08:32:48+00:00" />
<meta property="og:image" content="https://vanavorumaamuuseumid.ee/wp-content/uploads/2025/09/Picture1-2.jpg" />
	<meta property="og:image:width" content="1406" />
	<meta property="og:image:height" content="1037" />
	<meta property="og:image:type" content="image/jpeg" />
<meta name="twitter:card" content="summary_large_image" />
<script type="application/ld+json" class="yoast-schema-graph">{"@context":"https:\/\/schema.org","@graph":[{"@type":"WebPage","@id":"https:\/\/vanavorumaamuuseumid.ee\/lauluisa-diginaitus\/fr-r-kreutzwaldi-kalevipoja-tolked\/","url":"https:\/\/vanavorumaamuuseumid.ee\/lauluisa-diginaitus\/fr-r-kreutzwaldi-kalevipoja-tolked\/","name":"Fr. R. KREUTZWALDI \"KALEVIPOJA\" TÕLKED - Vana-Võrumaa muuseumid","isPartOf":{"@id":"https:\/\/vanavorumaamuuseumid.ee\/#website"},"primaryImageOfPage":{"@id":"https:\/\/vanavorumaamuuseumid.ee\/lauluisa-diginaitus\/fr-r-kreutzwaldi-kalevipoja-tolked\/#primaryimage"},"image":{"@id":"https:\/\/vanavorumaamuuseumid.ee\/lauluisa-diginaitus\/fr-r-kreutzwaldi-kalevipoja-tolked\/#primaryimage"},"thumbnailUrl":"https:\/\/vanavorumaamuuseumid.ee\/wp-content\/uploads\/2025\/09\/Picture1-2.jpg","datePublished":"2025-09-24T08:32:18+00:00","dateModified":"2025-09-24T08:32:48+00:00","breadcrumb":{"@id":"https:\/\/vanavorumaamuuseumid.ee\/lauluisa-diginaitus\/fr-r-kreutzwaldi-kalevipoja-tolked\/#breadcrumb"},"inLanguage":"vo","potentialAction":[{"@type":"ReadAction","target":["https:\/\/vanavorumaamuuseumid.ee\/lauluisa-diginaitus\/fr-r-kreutzwaldi-kalevipoja-tolked\/"]}]},{"@type":"ImageObject","inLanguage":"vo","@id":"https:\/\/vanavorumaamuuseumid.ee\/lauluisa-diginaitus\/fr-r-kreutzwaldi-kalevipoja-tolked\/#primaryimage","url":"https:\/\/vanavorumaamuuseumid.ee\/wp-content\/uploads\/2025\/09\/Picture1-2.jpg","contentUrl":"https:\/\/vanavorumaamuuseumid.ee\/wp-content\/uploads\/2025\/09\/Picture1-2.jpg","width":1406,"height":1037},{"@type":"BreadcrumbList","@id":"https:\/\/vanavorumaamuuseumid.ee\/lauluisa-diginaitus\/fr-r-kreutzwaldi-kalevipoja-tolked\/#breadcrumb","itemListElement":[{"@type":"ListItem","position":1,"name":"Home","item":"https:\/\/vanavorumaamuuseumid.ee\/"},{"@type":"ListItem","position":2,"name":"Fr. R. KREUTZWALDI &#8220;KALEVIPOJA&#8221; TÕLKED"}]},{"@type":"WebSite","@id":"https:\/\/vanavorumaamuuseumid.ee\/#website","url":"https:\/\/vanavorumaamuuseumid.ee\/","name":"Vana-Võrumaa Muuseumid","description":"Võrumaa Muuseum, Dr. Fr. R. Kreutzwaldi Memoriaalmuuseum, Mõniste Talurahvamuuseum ja Karilatsi Vabaõhumuuseum","publisher":{"@id":"https:\/\/vanavorumaamuuseumid.ee\/#organization"},"potentialAction":[{"@type":"SearchAction","target":{"@type":"EntryPoint","urlTemplate":"https:\/\/vanavorumaamuuseumid.ee\/?s={search_term_string}"},"query-input":{"@type":"PropertyValueSpecification","valueRequired":true,"valueName":"search_term_string"}}],"inLanguage":"vo"},{"@type":"Organization","@id":"https:\/\/vanavorumaamuuseumid.ee\/#organization","name":"Võru Instituut","url":"https:\/\/vanavorumaamuuseumid.ee\/","logo":{"@type":"ImageObject","inLanguage":"vo","@id":"https:\/\/vanavorumaamuuseumid.ee\/#\/schema\/logo\/image\/","url":"https:\/\/vanavorumaamuuseumid.ee\/wp-content\/uploads\/2025\/05\/vana-voromaa-muusoumi-250516.svg","contentUrl":"https:\/\/vanavorumaamuuseumid.ee\/wp-content\/uploads\/2025\/05\/vana-voromaa-muusoumi-250516.svg","width":567,"height":80,"caption":"Võru Instituut"},"image":{"@id":"https:\/\/vanavorumaamuuseumid.ee\/#\/schema\/logo\/image\/"}}]}</script>
<!-- / Yoast SEO plugin. -->

Fr. R. KREUTZWALDI "KALEVIPOJA" TÕLKED - Vana-Võrumaa muuseumid

Fr. R. Kreutzwaldi “Kalevipoja” tõlkijad ja tõlked koos kordustrükkidega, ilmunud 14 keeles

Vana-Võrumaa muuseumid

Vana-Võrumaa Muuseumid

Võrumaa Muuseum, Dr. Fr. R. Kreutzwaldi Memoriaalmuuseum, Mõniste Talurahvamuuseum ja Karilatsi Vabaõhumuuseum

Võru Instituut
