{"id":3864,"date":"2025-10-06T09:11:01","date_gmt":"2025-10-06T06:11:01","guid":{"rendered":"https:\/\/vanavorumaamuuseumid.ee\/?post_type=lauluisa-diginaitus&#038;p=3864"},"modified":"2026-01-22T11:34:36","modified_gmt":"2026-01-22T09:34:36","slug":"kreutzwaldi-malestusmedali-laureaadid","status":"publish","type":"lauluisa-diginaitus","link":"https:\/\/vanavorumaamuuseumid.ee\/vo\/lauluisa-diginaitus\/kreutzwaldi-malestusmedali-laureaadid\/","title":{"rendered":"Kreutzwaldi m\u00e4lestusmedali laureaadid"},"content":{"rendered":"<p>Dr. Fr. R. Kreutzwaldi muuseumi m\u00e4lestusp\u00e4ev toimub igal aastal 14. detsembril. M\u00e4lestusp\u00e4eval antakse k\u00e4tte Kreutzwaldi m\u00e4lestusmedal ja stipendium.<\/p>\n\n\n\n<figure class=\"wp-block-image size-large is-resized\"><a href=\"https:\/\/vanavorumaamuuseumid.ee\/wp-content\/uploads\/2025\/10\/Kreutzwaldi-malestusmedali-laureaadid-1.pdf\"><img decoding=\"async\" width=\"994\" height=\"1024\" src=\"https:\/\/vanavorumaamuuseumid.ee\/wp-content\/uploads\/2025\/10\/Kreutzwaldi-malestusmedal-994x1024.jpg\" alt=\"\" class=\"wp-image-3867\" style=\"width:500px\" srcset=\"https:\/\/vanavorumaamuuseumid.ee\/wp-content\/uploads\/2025\/10\/Kreutzwaldi-malestusmedal-994x1024.jpg 994w, https:\/\/vanavorumaamuuseumid.ee\/wp-content\/uploads\/2025\/10\/Kreutzwaldi-malestusmedal-980x1009.jpg 980w, https:\/\/vanavorumaamuuseumid.ee\/wp-content\/uploads\/2025\/10\/Kreutzwaldi-malestusmedal-480x494.jpg 480w\" sizes=\"(min-width: 0px) and (max-width: 480px) 480px, (min-width: 481px) and (max-width: 980px) 980px, (min-width: 981px) 994px, 100vw\" \/><\/a><\/figure>","protected":false},"featured_media":3867,"template":"","class_list":["post-3864","lauluisa-diginaitus","type-lauluisa-diginaitus","status-publish","has-post-thumbnail","hentry"],"acf":[],"yoast_head":"<!-- This site is optimized with the Yoast SEO plugin v27.4 - https:\/\/yoast.com\/product\/yoast-seo-wordpress\/ -->\n<title>Kreutzwaldi m\u00e4lestusmedali laureaadid - Vana-V\u00f5rumaa muuseumid<\/title>\n<meta name=\"robots\" content=\"index, follow, max-snippet:-1, max-image-preview:large, max-video-preview:-1\" \/>\n<link rel=\"canonical\" href=\"https:\/\/vanavorumaamuuseumid.ee\/vo\/lauluisa-diginaitus\/kreutzwaldi-malestusmedali-laureaadid\/\" \/>\n<meta property=\"og:locale\" content=\"en_US\" \/>\n<meta property=\"og:type\" content=\"article\" \/>\n<meta property=\"og:title\" content=\"Kreutzwaldi m\u00e4lestusmedali laureaadid - Vana-V\u00f5rumaa muuseumid\" \/>\n<meta property=\"og:description\" content=\"Dr. Fr. R. Kreutzwaldi muuseumi m\u00e4lestusp\u00e4ev toimub igal aastal 14. detsembril. M\u00e4lestusp\u00e4eval [&hellip;]\" \/>\n<meta property=\"og:url\" content=\"https:\/\/vanavorumaamuuseumid.ee\/vo\/lauluisa-diginaitus\/kreutzwaldi-malestusmedali-laureaadid\/\" \/>\n<meta property=\"og:site_name\" content=\"Vana-V\u00f5rumaa muuseumid\" \/>\n<meta property=\"article:modified_time\" content=\"2026-01-22T09:34:36+00:00\" \/>\n<meta property=\"og:image\" content=\"https:\/\/vanavorumaamuuseumid.ee\/wp-content\/uploads\/2025\/10\/Kreutzwaldi-malestusmedal.jpg\" \/>\n\t<meta property=\"og:image:width\" content=\"1037\" \/>\n\t<meta property=\"og:image:height\" content=\"1068\" \/>\n\t<meta property=\"og:image:type\" content=\"image\/jpeg\" \/>\n<meta name=\"twitter:card\" content=\"summary_large_image\" \/>\n<meta name=\"twitter:label1\" content=\"Est. reading time\" \/>\n\t<meta name=\"twitter:data1\" content=\"1 minute\" \/>\n<script type=\"application\/ld+json\" class=\"yoast-schema-graph\">{\"@context\":\"https:\\\/\\\/schema.org\",\"@graph\":[{\"@type\":\"WebPage\",\"@id\":\"https:\\\/\\\/vanavorumaamuuseumid.ee\\\/lauluisa-diginaitus\\\/kreutzwaldi-malestusmedali-laureaadid\\\/\",\"url\":\"https:\\\/\\\/vanavorumaamuuseumid.ee\\\/lauluisa-diginaitus\\\/kreutzwaldi-malestusmedali-laureaadid\\\/\",\"name\":\"Kreutzwaldi m\u00e4lestusmedali laureaadid - Vana-V\u00f5rumaa muuseumid\",\"isPartOf\":{\"@id\":\"https:\\\/\\\/vanavorumaamuuseumid.ee\\\/#website\"},\"primaryImageOfPage\":{\"@id\":\"https:\\\/\\\/vanavorumaamuuseumid.ee\\\/lauluisa-diginaitus\\\/kreutzwaldi-malestusmedali-laureaadid\\\/#primaryimage\"},\"image\":{\"@id\":\"https:\\\/\\\/vanavorumaamuuseumid.ee\\\/lauluisa-diginaitus\\\/kreutzwaldi-malestusmedali-laureaadid\\\/#primaryimage\"},\"thumbnailUrl\":\"https:\\\/\\\/vanavorumaamuuseumid.ee\\\/wp-content\\\/uploads\\\/2025\\\/10\\\/Kreutzwaldi-malestusmedal.jpg\",\"datePublished\":\"2025-10-06T06:11:01+00:00\",\"dateModified\":\"2026-01-22T09:34:36+00:00\",\"breadcrumb\":{\"@id\":\"https:\\\/\\\/vanavorumaamuuseumid.ee\\\/lauluisa-diginaitus\\\/kreutzwaldi-malestusmedali-laureaadid\\\/#breadcrumb\"},\"inLanguage\":\"vo\",\"potentialAction\":[{\"@type\":\"ReadAction\",\"target\":[\"https:\\\/\\\/vanavorumaamuuseumid.ee\\\/lauluisa-diginaitus\\\/kreutzwaldi-malestusmedali-laureaadid\\\/\"]}]},{\"@type\":\"ImageObject\",\"inLanguage\":\"vo\",\"@id\":\"https:\\\/\\\/vanavorumaamuuseumid.ee\\\/lauluisa-diginaitus\\\/kreutzwaldi-malestusmedali-laureaadid\\\/#primaryimage\",\"url\":\"https:\\\/\\\/vanavorumaamuuseumid.ee\\\/wp-content\\\/uploads\\\/2025\\\/10\\\/Kreutzwaldi-malestusmedal.jpg\",\"contentUrl\":\"https:\\\/\\\/vanavorumaamuuseumid.ee\\\/wp-content\\\/uploads\\\/2025\\\/10\\\/Kreutzwaldi-malestusmedal.jpg\",\"width\":1037,\"height\":1068},{\"@type\":\"BreadcrumbList\",\"@id\":\"https:\\\/\\\/vanavorumaamuuseumid.ee\\\/lauluisa-diginaitus\\\/kreutzwaldi-malestusmedali-laureaadid\\\/#breadcrumb\",\"itemListElement\":[{\"@type\":\"ListItem\",\"position\":1,\"name\":\"Home\",\"item\":\"https:\\\/\\\/vanavorumaamuuseumid.ee\\\/\"},{\"@type\":\"ListItem\",\"position\":2,\"name\":\"Kreutzwaldi m\u00e4lestusmedali laureaadid\"}]},{\"@type\":\"WebSite\",\"@id\":\"https:\\\/\\\/vanavorumaamuuseumid.ee\\\/#website\",\"url\":\"https:\\\/\\\/vanavorumaamuuseumid.ee\\\/\",\"name\":\"Vana-V\u00f5rumaa Muuseumid\",\"description\":\"V\u00f5rumaa Muuseum, Dr. Fr. R. Kreutzwaldi Memoriaalmuuseum, M\u00f5niste Talurahvamuuseum ja Karilatsi Vaba\u00f5humuuseum\",\"publisher\":{\"@id\":\"https:\\\/\\\/vanavorumaamuuseumid.ee\\\/#organization\"},\"potentialAction\":[{\"@type\":\"SearchAction\",\"target\":{\"@type\":\"EntryPoint\",\"urlTemplate\":\"https:\\\/\\\/vanavorumaamuuseumid.ee\\\/?s={search_term_string}\"},\"query-input\":{\"@type\":\"PropertyValueSpecification\",\"valueRequired\":true,\"valueName\":\"search_term_string\"}}],\"inLanguage\":\"vo\"},{\"@type\":\"Organization\",\"@id\":\"https:\\\/\\\/vanavorumaamuuseumid.ee\\\/#organization\",\"name\":\"V\u00f5ru Instituut\",\"url\":\"https:\\\/\\\/vanavorumaamuuseumid.ee\\\/\",\"logo\":{\"@type\":\"ImageObject\",\"inLanguage\":\"vo\",\"@id\":\"https:\\\/\\\/vanavorumaamuuseumid.ee\\\/#\\\/schema\\\/logo\\\/image\\\/\",\"url\":\"https:\\\/\\\/vanavorumaamuuseumid.ee\\\/wp-content\\\/uploads\\\/2025\\\/05\\\/vana-voromaa-muusoumi-250516.svg\",\"contentUrl\":\"https:\\\/\\\/vanavorumaamuuseumid.ee\\\/wp-content\\\/uploads\\\/2025\\\/05\\\/vana-voromaa-muusoumi-250516.svg\",\"width\":567,\"height\":80,\"caption\":\"V\u00f5ru Instituut\"},\"image\":{\"@id\":\"https:\\\/\\\/vanavorumaamuuseumid.ee\\\/#\\\/schema\\\/logo\\\/image\\\/\"}}]}<\/script>\n<!-- \/ Yoast SEO plugin. -->","yoast_head_json":{"title":"Kreutzwaldi m\u00e4lestusmedali laureaadid - Vana-V\u00f5rumaa muuseumid","robots":{"index":"index","follow":"follow","max-snippet":"max-snippet:-1","max-image-preview":"max-image-preview:large","max-video-preview":"max-video-preview:-1"},"canonical":"https:\/\/vanavorumaamuuseumid.ee\/vo\/lauluisa-diginaitus\/kreutzwaldi-malestusmedali-laureaadid\/","og_locale":"en_US","og_type":"article","og_title":"Kreutzwaldi m\u00e4lestusmedali laureaadid - Vana-V\u00f5rumaa muuseumid","og_description":"Dr. Fr. R. Kreutzwaldi muuseumi m\u00e4lestusp\u00e4ev toimub igal aastal 14. detsembril. M\u00e4lestusp\u00e4eval [&hellip;]","og_url":"https:\/\/vanavorumaamuuseumid.ee\/vo\/lauluisa-diginaitus\/kreutzwaldi-malestusmedali-laureaadid\/","og_site_name":"Vana-V\u00f5rumaa muuseumid","article_modified_time":"2026-01-22T09:34:36+00:00","og_image":[{"width":1037,"height":1068,"url":"https:\/\/vanavorumaamuuseumid.ee\/wp-content\/uploads\/2025\/10\/Kreutzwaldi-malestusmedal.jpg","type":"image\/jpeg"}],"twitter_card":"summary_large_image","twitter_misc":{"Est. reading time":"1 minute"},"schema":{"@context":"https:\/\/schema.org","@graph":[{"@type":"WebPage","@id":"https:\/\/vanavorumaamuuseumid.ee\/lauluisa-diginaitus\/kreutzwaldi-malestusmedali-laureaadid\/","url":"https:\/\/vanavorumaamuuseumid.ee\/lauluisa-diginaitus\/kreutzwaldi-malestusmedali-laureaadid\/","name":"Kreutzwaldi m\u00e4lestusmedali laureaadid - Vana-V\u00f5rumaa muuseumid","isPartOf":{"@id":"https:\/\/vanavorumaamuuseumid.ee\/#website"},"primaryImageOfPage":{"@id":"https:\/\/vanavorumaamuuseumid.ee\/lauluisa-diginaitus\/kreutzwaldi-malestusmedali-laureaadid\/#primaryimage"},"image":{"@id":"https:\/\/vanavorumaamuuseumid.ee\/lauluisa-diginaitus\/kreutzwaldi-malestusmedali-laureaadid\/#primaryimage"},"thumbnailUrl":"https:\/\/vanavorumaamuuseumid.ee\/wp-content\/uploads\/2025\/10\/Kreutzwaldi-malestusmedal.jpg","datePublished":"2025-10-06T06:11:01+00:00","dateModified":"2026-01-22T09:34:36+00:00","breadcrumb":{"@id":"https:\/\/vanavorumaamuuseumid.ee\/lauluisa-diginaitus\/kreutzwaldi-malestusmedali-laureaadid\/#breadcrumb"},"inLanguage":"vo","potentialAction":[{"@type":"ReadAction","target":["https:\/\/vanavorumaamuuseumid.ee\/lauluisa-diginaitus\/kreutzwaldi-malestusmedali-laureaadid\/"]}]},{"@type":"ImageObject","inLanguage":"vo","@id":"https:\/\/vanavorumaamuuseumid.ee\/lauluisa-diginaitus\/kreutzwaldi-malestusmedali-laureaadid\/#primaryimage","url":"https:\/\/vanavorumaamuuseumid.ee\/wp-content\/uploads\/2025\/10\/Kreutzwaldi-malestusmedal.jpg","contentUrl":"https:\/\/vanavorumaamuuseumid.ee\/wp-content\/uploads\/2025\/10\/Kreutzwaldi-malestusmedal.jpg","width":1037,"height":1068},{"@type":"BreadcrumbList","@id":"https:\/\/vanavorumaamuuseumid.ee\/lauluisa-diginaitus\/kreutzwaldi-malestusmedali-laureaadid\/#breadcrumb","itemListElement":[{"@type":"ListItem","position":1,"name":"Home","item":"https:\/\/vanavorumaamuuseumid.ee\/"},{"@type":"ListItem","position":2,"name":"Kreutzwaldi m\u00e4lestusmedali laureaadid"}]},{"@type":"WebSite","@id":"https:\/\/vanavorumaamuuseumid.ee\/#website","url":"https:\/\/vanavorumaamuuseumid.ee\/","name":"Vana-V\u00f5rumaa Muuseumid","description":"V\u00f5rumaa Muuseum, Dr. Fr. R. Kreutzwaldi Memoriaalmuuseum, M\u00f5niste Talurahvamuuseum ja Karilatsi Vaba\u00f5humuuseum","publisher":{"@id":"https:\/\/vanavorumaamuuseumid.ee\/#organization"},"potentialAction":[{"@type":"SearchAction","target":{"@type":"EntryPoint","urlTemplate":"https:\/\/vanavorumaamuuseumid.ee\/?s={search_term_string}"},"query-input":{"@type":"PropertyValueSpecification","valueRequired":true,"valueName":"search_term_string"}}],"inLanguage":"vo"},{"@type":"Organization","@id":"https:\/\/vanavorumaamuuseumid.ee\/#organization","name":"V\u00f5ru Instituut","url":"https:\/\/vanavorumaamuuseumid.ee\/","logo":{"@type":"ImageObject","inLanguage":"vo","@id":"https:\/\/vanavorumaamuuseumid.ee\/#\/schema\/logo\/image\/","url":"https:\/\/vanavorumaamuuseumid.ee\/wp-content\/uploads\/2025\/05\/vana-voromaa-muusoumi-250516.svg","contentUrl":"https:\/\/vanavorumaamuuseumid.ee\/wp-content\/uploads\/2025\/05\/vana-voromaa-muusoumi-250516.svg","width":567,"height":80,"caption":"V\u00f5ru Instituut"},"image":{"@id":"https:\/\/vanavorumaamuuseumid.ee\/#\/schema\/logo\/image\/"}}]}},"_links":{"self":[{"href":"https:\/\/vanavorumaamuuseumid.ee\/vo\/wp-json\/wp\/v2\/lauluisa-diginaitus\/3864","targetHints":{"allow":["GET"]}}],"collection":[{"href":"https:\/\/vanavorumaamuuseumid.ee\/vo\/wp-json\/wp\/v2\/lauluisa-diginaitus"}],"about":[{"href":"https:\/\/vanavorumaamuuseumid.ee\/vo\/wp-json\/wp\/v2\/types\/lauluisa-diginaitus"}],"wp:featuredmedia":[{"embeddable":true,"href":"https:\/\/vanavorumaamuuseumid.ee\/vo\/wp-json\/wp\/v2\/media\/3867"}],"wp:attachment":[{"href":"https:\/\/vanavorumaamuuseumid.ee\/vo\/wp-json\/wp\/v2\/media?parent=3864"}],"curies":[{"name":"wp","href":"https:\/\/api.w.org\/{rel}","templated":true}]}}

Kreutzwaldi mälestusmedali laureaadid

<p>Dr. Fr. R. Kreutzwaldi muuseumi mälestuspäev toimub igal aastal 14. detsembril. Mälestuspäeval antakse kätte Kreutzwaldi mälestusmedal ja stipendium.</p>



<figure class="wp-block-image size-large is-resized"><a href="https://vanavorumaamuuseumid.ee/wp-content/uploads/2025/10/Kreutzwaldi-malestusmedali-laureaadid-1.pdf"><img decoding="async" width="994" height="1024" src="https://vanavorumaamuuseumid.ee/wp-content/uploads/2025/10/Kreutzwaldi-malestusmedal-994x1024.jpg" alt="" class="wp-image-3867" style="width:500px" srcset="https://vanavorumaamuuseumid.ee/wp-content/uploads/2025/10/Kreutzwaldi-malestusmedal-994x1024.jpg 994w, https://vanavorumaamuuseumid.ee/wp-content/uploads/2025/10/Kreutzwaldi-malestusmedal-980x1009.jpg 980w, https://vanavorumaamuuseumid.ee/wp-content/uploads/2025/10/Kreutzwaldi-malestusmedal-480x494.jpg 480w" sizes="(min-width: 0px) and (max-width: 480px) 480px, (min-width: 481px) and (max-width: 980px) 980px, (min-width: 981px) 994px, 100vw" /></a></figure>

<!-- This site is optimized with the Yoast SEO plugin v27.4 - https://yoast.com/product/yoast-seo-wordpress/ -->
<title>Kreutzwaldi mälestusmedali laureaadid - Vana-Võrumaa muuseumid</title>
<meta name="robots" content="index, follow, max-snippet:-1, max-image-preview:large, max-video-preview:-1" />
<link rel="canonical" href="https://vanavorumaamuuseumid.ee/vo/lauluisa-diginaitus/kreutzwaldi-malestusmedali-laureaadid/" />
<meta property="og:locale" content="en_US" />
<meta property="og:type" content="article" />
<meta property="og:title" content="Kreutzwaldi mälestusmedali laureaadid - Vana-Võrumaa muuseumid" />
<meta property="og:description" content="Dr. Fr. R. Kreutzwaldi muuseumi mälestuspäev toimub igal aastal 14. detsembril. Mälestuspäeval [&hellip;]" />
<meta property="og:url" content="https://vanavorumaamuuseumid.ee/vo/lauluisa-diginaitus/kreutzwaldi-malestusmedali-laureaadid/" />
<meta property="og:site_name" content="Vana-Võrumaa muuseumid" />
<meta property="article:modified_time" content="2026-01-22T09:34:36+00:00" />
<meta property="og:image" content="https://vanavorumaamuuseumid.ee/wp-content/uploads/2025/10/Kreutzwaldi-malestusmedal.jpg" />
	<meta property="og:image:width" content="1037" />
	<meta property="og:image:height" content="1068" />
	<meta property="og:image:type" content="image/jpeg" />
<meta name="twitter:card" content="summary_large_image" />
<meta name="twitter:label1" content="Est. reading time" />
	<meta name="twitter:data1" content="1 minute" />
<script type="application/ld+json" class="yoast-schema-graph">{"@context":"https:\/\/schema.org","@graph":[{"@type":"WebPage","@id":"https:\/\/vanavorumaamuuseumid.ee\/lauluisa-diginaitus\/kreutzwaldi-malestusmedali-laureaadid\/","url":"https:\/\/vanavorumaamuuseumid.ee\/lauluisa-diginaitus\/kreutzwaldi-malestusmedali-laureaadid\/","name":"Kreutzwaldi mälestusmedali laureaadid - Vana-Võrumaa muuseumid","isPartOf":{"@id":"https:\/\/vanavorumaamuuseumid.ee\/#website"},"primaryImageOfPage":{"@id":"https:\/\/vanavorumaamuuseumid.ee\/lauluisa-diginaitus\/kreutzwaldi-malestusmedali-laureaadid\/#primaryimage"},"image":{"@id":"https:\/\/vanavorumaamuuseumid.ee\/lauluisa-diginaitus\/kreutzwaldi-malestusmedali-laureaadid\/#primaryimage"},"thumbnailUrl":"https:\/\/vanavorumaamuuseumid.ee\/wp-content\/uploads\/2025\/10\/Kreutzwaldi-malestusmedal.jpg","datePublished":"2025-10-06T06:11:01+00:00","dateModified":"2026-01-22T09:34:36+00:00","breadcrumb":{"@id":"https:\/\/vanavorumaamuuseumid.ee\/lauluisa-diginaitus\/kreutzwaldi-malestusmedali-laureaadid\/#breadcrumb"},"inLanguage":"vo","potentialAction":[{"@type":"ReadAction","target":["https:\/\/vanavorumaamuuseumid.ee\/lauluisa-diginaitus\/kreutzwaldi-malestusmedali-laureaadid\/"]}]},{"@type":"ImageObject","inLanguage":"vo","@id":"https:\/\/vanavorumaamuuseumid.ee\/lauluisa-diginaitus\/kreutzwaldi-malestusmedali-laureaadid\/#primaryimage","url":"https:\/\/vanavorumaamuuseumid.ee\/wp-content\/uploads\/2025\/10\/Kreutzwaldi-malestusmedal.jpg","contentUrl":"https:\/\/vanavorumaamuuseumid.ee\/wp-content\/uploads\/2025\/10\/Kreutzwaldi-malestusmedal.jpg","width":1037,"height":1068},{"@type":"BreadcrumbList","@id":"https:\/\/vanavorumaamuuseumid.ee\/lauluisa-diginaitus\/kreutzwaldi-malestusmedali-laureaadid\/#breadcrumb","itemListElement":[{"@type":"ListItem","position":1,"name":"Home","item":"https:\/\/vanavorumaamuuseumid.ee\/"},{"@type":"ListItem","position":2,"name":"Kreutzwaldi mälestusmedali laureaadid"}]},{"@type":"WebSite","@id":"https:\/\/vanavorumaamuuseumid.ee\/#website","url":"https:\/\/vanavorumaamuuseumid.ee\/","name":"Vana-Võrumaa Muuseumid","description":"Võrumaa Muuseum, Dr. Fr. R. Kreutzwaldi Memoriaalmuuseum, Mõniste Talurahvamuuseum ja Karilatsi Vabaõhumuuseum","publisher":{"@id":"https:\/\/vanavorumaamuuseumid.ee\/#organization"},"potentialAction":[{"@type":"SearchAction","target":{"@type":"EntryPoint","urlTemplate":"https:\/\/vanavorumaamuuseumid.ee\/?s={search_term_string}"},"query-input":{"@type":"PropertyValueSpecification","valueRequired":true,"valueName":"search_term_string"}}],"inLanguage":"vo"},{"@type":"Organization","@id":"https:\/\/vanavorumaamuuseumid.ee\/#organization","name":"Võru Instituut","url":"https:\/\/vanavorumaamuuseumid.ee\/","logo":{"@type":"ImageObject","inLanguage":"vo","@id":"https:\/\/vanavorumaamuuseumid.ee\/#\/schema\/logo\/image\/","url":"https:\/\/vanavorumaamuuseumid.ee\/wp-content\/uploads\/2025\/05\/vana-voromaa-muusoumi-250516.svg","contentUrl":"https:\/\/vanavorumaamuuseumid.ee\/wp-content\/uploads\/2025\/05\/vana-voromaa-muusoumi-250516.svg","width":567,"height":80,"caption":"Võru Instituut"},"image":{"@id":"https:\/\/vanavorumaamuuseumid.ee\/#\/schema\/logo\/image\/"}}]}</script>
<!-- / Yoast SEO plugin. -->

Kreutzwaldi mälestusmedali laureaadid - Vana-Võrumaa muuseumid

Dr. Fr. R. Kreutzwaldi muuseumi mälestuspäev toimub igal aastal 14. detsembril. Mälestuspäeval [&hellip;]

Vana-Võrumaa muuseumid

Vana-Võrumaa Muuseumid

Võrumaa Muuseum, Dr. Fr. R. Kreutzwaldi Memoriaalmuuseum, Mõniste Talurahvamuuseum ja Karilatsi Vabaõhumuuseum

Võru Instituut
