{"id":4668,"date":"2025-11-27T16:36:04","date_gmt":"2025-11-27T14:36:04","guid":{"rendered":"https:\/\/vanavorumaamuuseumid.ee\/?post_type=moniste-sundmus&#038;p=4668"},"modified":"2025-11-27T16:56:48","modified_gmt":"2025-11-27T14:56:48","slug":"talujoulude-meeleolu-pakapikumaal","status":"publish","type":"moniste-sundmus","link":"https:\/\/vanavorumaamuuseumid.ee\/vo\/moniste-sundmus\/talujoulude-meeleolu-pakapikumaal\/","title":{"rendered":"Taluj\u00f5ulude meeleolu p\u00e4kapikumaal"},"content":{"rendered":"<p>2.\u201320. detsembrini \u00e4rkab muuseumis juba 29. korda ellu p\u00e4kapikumaa. Igal aastal on teema olnud erinev ja t\u00e4navu keskendume taluj\u00f5uludele. <\/p>\n\n\n\n<p>Viime loomadele toitu, tutvustame j\u00f5ulutraditsioone, otsime Tahma- Toomast ning meisterdame. Programmi l\u00f5pus saab iga laps j\u00f5uluvanalt ka v\u00e4ikse kommipaki.<\/p>\n\n\n\n<p>Kui aeg 2.\u201319. detsembrini on&nbsp; kooli- ja \u00f5pilasgruppide p\u00e4ralt, siis 20. detsembril kell 14 algab perep\u00e4ev, mil ootame muuseumi k\u00f5iki v\u00e4ikseid ja suuri.<\/p>\n\n\n\n<p>Selleks, et j\u00f5uluvana teaks k\u00f5igile kommipakki tuua, on vaja registreeruda meili teel <a href=\"\/vo\/&\/#x6d;&#97;i&#x6c;&#x74;&#111;:&#x6d;&#97;r&#x65;&#x2e;&#116;a&#x6d;&#116;i&#x6b;&#x40;&#119;i&#x2e;&#x65;&#101;\">&#109;&#x61;&#114;&#x65;&#46;&#x74;&#97;&#x6d;t&#x69;k&#x40;w&#x69;&#46;&#101;&#x65;<\/a> v\u00f5i telefonil&nbsp; 5622 8538.<\/p>","protected":false},"featured_media":4670,"template":"","class_list":["post-4668","moniste-sundmus","type-moniste-sundmus","status-publish","has-post-thumbnail","hentry"],"acf":[],"yoast_head":"<!-- This site is optimized with the Yoast SEO plugin v27.4 - https:\/\/yoast.com\/product\/yoast-seo-wordpress\/ -->\n<title>Taluj\u00f5ulude meeleolu p\u00e4kapikumaal - Vana-V\u00f5rumaa muuseumid<\/title>\n<meta name=\"robots\" content=\"index, follow, max-snippet:-1, max-image-preview:large, max-video-preview:-1\" \/>\n<link rel=\"canonical\" href=\"https:\/\/vanavorumaamuuseumid.ee\/vo\/moniste-sundmus\/talujoulude-meeleolu-pakapikumaal\/\" \/>\n<meta property=\"og:locale\" content=\"en_US\" \/>\n<meta property=\"og:type\" content=\"article\" \/>\n<meta property=\"og:title\" content=\"Taluj\u00f5ulude meeleolu p\u00e4kapikumaal - Vana-V\u00f5rumaa muuseumid\" \/>\n<meta property=\"og:description\" content=\"2.\u201320. detsembrini \u00e4rkab muuseumis juba 29. korda ellu p\u00e4kapikumaa. Igal aastal on [&hellip;]\" \/>\n<meta property=\"og:url\" content=\"https:\/\/vanavorumaamuuseumid.ee\/vo\/moniste-sundmus\/talujoulude-meeleolu-pakapikumaal\/\" \/>\n<meta property=\"og:site_name\" content=\"Vana-V\u00f5rumaa muuseumid\" \/>\n<meta property=\"article:modified_time\" content=\"2025-11-27T14:56:48+00:00\" \/>\n<meta property=\"og:image\" content=\"https:\/\/vanavorumaamuuseumid.ee\/wp-content\/uploads\/2025\/11\/perepaew2025.jpg\" \/>\n\t<meta property=\"og:image:width\" content=\"1920\" \/>\n\t<meta property=\"og:image:height\" content=\"1080\" \/>\n\t<meta property=\"og:image:type\" content=\"image\/jpeg\" \/>\n<meta name=\"twitter:card\" content=\"summary_large_image\" \/>\n<meta name=\"twitter:label1\" content=\"Est. reading time\" \/>\n\t<meta name=\"twitter:data1\" content=\"1 minute\" \/>\n<script type=\"application\/ld+json\" class=\"yoast-schema-graph\">{\"@context\":\"https:\\\/\\\/schema.org\",\"@graph\":[{\"@type\":\"WebPage\",\"@id\":\"https:\\\/\\\/vanavorumaamuuseumid.ee\\\/moniste-sundmus\\\/talujoulude-meeleolu-pakapikumaal\\\/\",\"url\":\"https:\\\/\\\/vanavorumaamuuseumid.ee\\\/moniste-sundmus\\\/talujoulude-meeleolu-pakapikumaal\\\/\",\"name\":\"Taluj\u00f5ulude meeleolu p\u00e4kapikumaal - Vana-V\u00f5rumaa muuseumid\",\"isPartOf\":{\"@id\":\"https:\\\/\\\/vanavorumaamuuseumid.ee\\\/#website\"},\"primaryImageOfPage\":{\"@id\":\"https:\\\/\\\/vanavorumaamuuseumid.ee\\\/moniste-sundmus\\\/talujoulude-meeleolu-pakapikumaal\\\/#primaryimage\"},\"image\":{\"@id\":\"https:\\\/\\\/vanavorumaamuuseumid.ee\\\/moniste-sundmus\\\/talujoulude-meeleolu-pakapikumaal\\\/#primaryimage\"},\"thumbnailUrl\":\"https:\\\/\\\/vanavorumaamuuseumid.ee\\\/wp-content\\\/uploads\\\/2025\\\/11\\\/perepaew2025.jpg\",\"datePublished\":\"2025-11-27T14:36:04+00:00\",\"dateModified\":\"2025-11-27T14:56:48+00:00\",\"breadcrumb\":{\"@id\":\"https:\\\/\\\/vanavorumaamuuseumid.ee\\\/moniste-sundmus\\\/talujoulude-meeleolu-pakapikumaal\\\/#breadcrumb\"},\"inLanguage\":\"vo\",\"potentialAction\":[{\"@type\":\"ReadAction\",\"target\":[\"https:\\\/\\\/vanavorumaamuuseumid.ee\\\/moniste-sundmus\\\/talujoulude-meeleolu-pakapikumaal\\\/\"]}]},{\"@type\":\"ImageObject\",\"inLanguage\":\"vo\",\"@id\":\"https:\\\/\\\/vanavorumaamuuseumid.ee\\\/moniste-sundmus\\\/talujoulude-meeleolu-pakapikumaal\\\/#primaryimage\",\"url\":\"https:\\\/\\\/vanavorumaamuuseumid.ee\\\/wp-content\\\/uploads\\\/2025\\\/11\\\/perepaew2025.jpg\",\"contentUrl\":\"https:\\\/\\\/vanavorumaamuuseumid.ee\\\/wp-content\\\/uploads\\\/2025\\\/11\\\/perepaew2025.jpg\",\"width\":1920,\"height\":1080},{\"@type\":\"BreadcrumbList\",\"@id\":\"https:\\\/\\\/vanavorumaamuuseumid.ee\\\/moniste-sundmus\\\/talujoulude-meeleolu-pakapikumaal\\\/#breadcrumb\",\"itemListElement\":[{\"@type\":\"ListItem\",\"position\":1,\"name\":\"Home\",\"item\":\"https:\\\/\\\/vanavorumaamuuseumid.ee\\\/\"},{\"@type\":\"ListItem\",\"position\":2,\"name\":\"Taluj\u00f5ulude meeleolu p\u00e4kapikumaal\"}]},{\"@type\":\"WebSite\",\"@id\":\"https:\\\/\\\/vanavorumaamuuseumid.ee\\\/#website\",\"url\":\"https:\\\/\\\/vanavorumaamuuseumid.ee\\\/\",\"name\":\"Vana-V\u00f5rumaa Muuseumid\",\"description\":\"V\u00f5rumaa Muuseum, Dr. Fr. R. Kreutzwaldi Memoriaalmuuseum, M\u00f5niste Talurahvamuuseum ja Karilatsi Vaba\u00f5humuuseum\",\"publisher\":{\"@id\":\"https:\\\/\\\/vanavorumaamuuseumid.ee\\\/#organization\"},\"potentialAction\":[{\"@type\":\"SearchAction\",\"target\":{\"@type\":\"EntryPoint\",\"urlTemplate\":\"https:\\\/\\\/vanavorumaamuuseumid.ee\\\/?s={search_term_string}\"},\"query-input\":{\"@type\":\"PropertyValueSpecification\",\"valueRequired\":true,\"valueName\":\"search_term_string\"}}],\"inLanguage\":\"vo\"},{\"@type\":\"Organization\",\"@id\":\"https:\\\/\\\/vanavorumaamuuseumid.ee\\\/#organization\",\"name\":\"V\u00f5ru Instituut\",\"url\":\"https:\\\/\\\/vanavorumaamuuseumid.ee\\\/\",\"logo\":{\"@type\":\"ImageObject\",\"inLanguage\":\"vo\",\"@id\":\"https:\\\/\\\/vanavorumaamuuseumid.ee\\\/#\\\/schema\\\/logo\\\/image\\\/\",\"url\":\"https:\\\/\\\/vanavorumaamuuseumid.ee\\\/wp-content\\\/uploads\\\/2025\\\/05\\\/vana-voromaa-muusoumi-250516.svg\",\"contentUrl\":\"https:\\\/\\\/vanavorumaamuuseumid.ee\\\/wp-content\\\/uploads\\\/2025\\\/05\\\/vana-voromaa-muusoumi-250516.svg\",\"width\":567,\"height\":80,\"caption\":\"V\u00f5ru Instituut\"},\"image\":{\"@id\":\"https:\\\/\\\/vanavorumaamuuseumid.ee\\\/#\\\/schema\\\/logo\\\/image\\\/\"}}]}<\/script>\n<!-- \/ Yoast SEO plugin. -->","yoast_head_json":{"title":"Taluj\u00f5ulude meeleolu p\u00e4kapikumaal - Vana-V\u00f5rumaa muuseumid","robots":{"index":"index","follow":"follow","max-snippet":"max-snippet:-1","max-image-preview":"max-image-preview:large","max-video-preview":"max-video-preview:-1"},"canonical":"https:\/\/vanavorumaamuuseumid.ee\/vo\/moniste-sundmus\/talujoulude-meeleolu-pakapikumaal\/","og_locale":"en_US","og_type":"article","og_title":"Taluj\u00f5ulude meeleolu p\u00e4kapikumaal - Vana-V\u00f5rumaa muuseumid","og_description":"2.\u201320. detsembrini \u00e4rkab muuseumis juba 29. korda ellu p\u00e4kapikumaa. Igal aastal on [&hellip;]","og_url":"https:\/\/vanavorumaamuuseumid.ee\/vo\/moniste-sundmus\/talujoulude-meeleolu-pakapikumaal\/","og_site_name":"Vana-V\u00f5rumaa muuseumid","article_modified_time":"2025-11-27T14:56:48+00:00","og_image":[{"width":1920,"height":1080,"url":"https:\/\/vanavorumaamuuseumid.ee\/wp-content\/uploads\/2025\/11\/perepaew2025.jpg","type":"image\/jpeg"}],"twitter_card":"summary_large_image","twitter_misc":{"Est. reading time":"1 minute"},"schema":{"@context":"https:\/\/schema.org","@graph":[{"@type":"WebPage","@id":"https:\/\/vanavorumaamuuseumid.ee\/moniste-sundmus\/talujoulude-meeleolu-pakapikumaal\/","url":"https:\/\/vanavorumaamuuseumid.ee\/moniste-sundmus\/talujoulude-meeleolu-pakapikumaal\/","name":"Taluj\u00f5ulude meeleolu p\u00e4kapikumaal - Vana-V\u00f5rumaa muuseumid","isPartOf":{"@id":"https:\/\/vanavorumaamuuseumid.ee\/#website"},"primaryImageOfPage":{"@id":"https:\/\/vanavorumaamuuseumid.ee\/moniste-sundmus\/talujoulude-meeleolu-pakapikumaal\/#primaryimage"},"image":{"@id":"https:\/\/vanavorumaamuuseumid.ee\/moniste-sundmus\/talujoulude-meeleolu-pakapikumaal\/#primaryimage"},"thumbnailUrl":"https:\/\/vanavorumaamuuseumid.ee\/wp-content\/uploads\/2025\/11\/perepaew2025.jpg","datePublished":"2025-11-27T14:36:04+00:00","dateModified":"2025-11-27T14:56:48+00:00","breadcrumb":{"@id":"https:\/\/vanavorumaamuuseumid.ee\/moniste-sundmus\/talujoulude-meeleolu-pakapikumaal\/#breadcrumb"},"inLanguage":"vo","potentialAction":[{"@type":"ReadAction","target":["https:\/\/vanavorumaamuuseumid.ee\/moniste-sundmus\/talujoulude-meeleolu-pakapikumaal\/"]}]},{"@type":"ImageObject","inLanguage":"vo","@id":"https:\/\/vanavorumaamuuseumid.ee\/moniste-sundmus\/talujoulude-meeleolu-pakapikumaal\/#primaryimage","url":"https:\/\/vanavorumaamuuseumid.ee\/wp-content\/uploads\/2025\/11\/perepaew2025.jpg","contentUrl":"https:\/\/vanavorumaamuuseumid.ee\/wp-content\/uploads\/2025\/11\/perepaew2025.jpg","width":1920,"height":1080},{"@type":"BreadcrumbList","@id":"https:\/\/vanavorumaamuuseumid.ee\/moniste-sundmus\/talujoulude-meeleolu-pakapikumaal\/#breadcrumb","itemListElement":[{"@type":"ListItem","position":1,"name":"Home","item":"https:\/\/vanavorumaamuuseumid.ee\/"},{"@type":"ListItem","position":2,"name":"Taluj\u00f5ulude meeleolu p\u00e4kapikumaal"}]},{"@type":"WebSite","@id":"https:\/\/vanavorumaamuuseumid.ee\/#website","url":"https:\/\/vanavorumaamuuseumid.ee\/","name":"Vana-V\u00f5rumaa Muuseumid","description":"V\u00f5rumaa Muuseum, Dr. Fr. R. Kreutzwaldi Memoriaalmuuseum, M\u00f5niste Talurahvamuuseum ja Karilatsi Vaba\u00f5humuuseum","publisher":{"@id":"https:\/\/vanavorumaamuuseumid.ee\/#organization"},"potentialAction":[{"@type":"SearchAction","target":{"@type":"EntryPoint","urlTemplate":"https:\/\/vanavorumaamuuseumid.ee\/?s={search_term_string}"},"query-input":{"@type":"PropertyValueSpecification","valueRequired":true,"valueName":"search_term_string"}}],"inLanguage":"vo"},{"@type":"Organization","@id":"https:\/\/vanavorumaamuuseumid.ee\/#organization","name":"V\u00f5ru Instituut","url":"https:\/\/vanavorumaamuuseumid.ee\/","logo":{"@type":"ImageObject","inLanguage":"vo","@id":"https:\/\/vanavorumaamuuseumid.ee\/#\/schema\/logo\/image\/","url":"https:\/\/vanavorumaamuuseumid.ee\/wp-content\/uploads\/2025\/05\/vana-voromaa-muusoumi-250516.svg","contentUrl":"https:\/\/vanavorumaamuuseumid.ee\/wp-content\/uploads\/2025\/05\/vana-voromaa-muusoumi-250516.svg","width":567,"height":80,"caption":"V\u00f5ru Instituut"},"image":{"@id":"https:\/\/vanavorumaamuuseumid.ee\/#\/schema\/logo\/image\/"}}]}},"_links":{"self":[{"href":"https:\/\/vanavorumaamuuseumid.ee\/vo\/wp-json\/wp\/v2\/moniste-sundmus\/4668","targetHints":{"allow":["GET"]}}],"collection":[{"href":"https:\/\/vanavorumaamuuseumid.ee\/vo\/wp-json\/wp\/v2\/moniste-sundmus"}],"about":[{"href":"https:\/\/vanavorumaamuuseumid.ee\/vo\/wp-json\/wp\/v2\/types\/moniste-sundmus"}],"wp:featuredmedia":[{"embeddable":true,"href":"https:\/\/vanavorumaamuuseumid.ee\/vo\/wp-json\/wp\/v2\/media\/4670"}],"wp:attachment":[{"href":"https:\/\/vanavorumaamuuseumid.ee\/vo\/wp-json\/wp\/v2\/media?parent=4668"}],"curies":[{"name":"wp","href":"https:\/\/api.w.org\/{rel}","templated":true}]}}

Talujõulude meeleolu päkapikumaal

<p>2.–20. detsembrini ärkab muuseumis juba 29. korda ellu päkapikumaa. Igal aastal on teema olnud erinev ja tänavu keskendume talujõuludele. </p>



<p>Viime loomadele toitu, tutvustame jõulutraditsioone, otsime Tahma- Toomast ning meisterdame. Programmi lõpus saab iga laps jõuluvanalt ka väikse kommipaki.</p>



<p>Kui aeg 2.–19. detsembrini on&nbsp; kooli- ja õpilasgruppide päralt, siis 20. detsembril kell 14 algab perepäev, mil ootame muuseumi kõiki väikseid ja suuri.</p>



<p>Selleks, et jõuluvana teaks kõigile kommipakki tuua, on vaja registreeruda meili teel <a href="/vo/&/#x6d;&#97;i&#x6c;&#x74;&#111;:&#x6d;&#97;r&#x65;&#x2e;&#116;a&#x6d;&#116;i&#x6b;&#x40;&#119;i&#x2e;&#x65;&#101;">&#109;&#x61;&#114;&#x65;&#46;&#x74;&#97;&#x6d;t&#x69;k&#x40;w&#x69;&#46;&#101;&#x65;</a> või telefonil&nbsp; 5622 8538.</p>

<!-- This site is optimized with the Yoast SEO plugin v27.4 - https://yoast.com/product/yoast-seo-wordpress/ -->
<title>Talujõulude meeleolu päkapikumaal - Vana-Võrumaa muuseumid</title>
<meta name="robots" content="index, follow, max-snippet:-1, max-image-preview:large, max-video-preview:-1" />
<link rel="canonical" href="https://vanavorumaamuuseumid.ee/vo/moniste-sundmus/talujoulude-meeleolu-pakapikumaal/" />
<meta property="og:locale" content="en_US" />
<meta property="og:type" content="article" />
<meta property="og:title" content="Talujõulude meeleolu päkapikumaal - Vana-Võrumaa muuseumid" />
<meta property="og:description" content="2.–20. detsembrini ärkab muuseumis juba 29. korda ellu päkapikumaa. Igal aastal on [&hellip;]" />
<meta property="og:url" content="https://vanavorumaamuuseumid.ee/vo/moniste-sundmus/talujoulude-meeleolu-pakapikumaal/" />
<meta property="og:site_name" content="Vana-Võrumaa muuseumid" />
<meta property="article:modified_time" content="2025-11-27T14:56:48+00:00" />
<meta property="og:image" content="https://vanavorumaamuuseumid.ee/wp-content/uploads/2025/11/perepaew2025.jpg" />
	<meta property="og:image:width" content="1920" />
	<meta property="og:image:height" content="1080" />
	<meta property="og:image:type" content="image/jpeg" />
<meta name="twitter:card" content="summary_large_image" />
<meta name="twitter:label1" content="Est. reading time" />
	<meta name="twitter:data1" content="1 minute" />
<script type="application/ld+json" class="yoast-schema-graph">{"@context":"https:\/\/schema.org","@graph":[{"@type":"WebPage","@id":"https:\/\/vanavorumaamuuseumid.ee\/moniste-sundmus\/talujoulude-meeleolu-pakapikumaal\/","url":"https:\/\/vanavorumaamuuseumid.ee\/moniste-sundmus\/talujoulude-meeleolu-pakapikumaal\/","name":"Talujõulude meeleolu päkapikumaal - Vana-Võrumaa muuseumid","isPartOf":{"@id":"https:\/\/vanavorumaamuuseumid.ee\/#website"},"primaryImageOfPage":{"@id":"https:\/\/vanavorumaamuuseumid.ee\/moniste-sundmus\/talujoulude-meeleolu-pakapikumaal\/#primaryimage"},"image":{"@id":"https:\/\/vanavorumaamuuseumid.ee\/moniste-sundmus\/talujoulude-meeleolu-pakapikumaal\/#primaryimage"},"thumbnailUrl":"https:\/\/vanavorumaamuuseumid.ee\/wp-content\/uploads\/2025\/11\/perepaew2025.jpg","datePublished":"2025-11-27T14:36:04+00:00","dateModified":"2025-11-27T14:56:48+00:00","breadcrumb":{"@id":"https:\/\/vanavorumaamuuseumid.ee\/moniste-sundmus\/talujoulude-meeleolu-pakapikumaal\/#breadcrumb"},"inLanguage":"vo","potentialAction":[{"@type":"ReadAction","target":["https:\/\/vanavorumaamuuseumid.ee\/moniste-sundmus\/talujoulude-meeleolu-pakapikumaal\/"]}]},{"@type":"ImageObject","inLanguage":"vo","@id":"https:\/\/vanavorumaamuuseumid.ee\/moniste-sundmus\/talujoulude-meeleolu-pakapikumaal\/#primaryimage","url":"https:\/\/vanavorumaamuuseumid.ee\/wp-content\/uploads\/2025\/11\/perepaew2025.jpg","contentUrl":"https:\/\/vanavorumaamuuseumid.ee\/wp-content\/uploads\/2025\/11\/perepaew2025.jpg","width":1920,"height":1080},{"@type":"BreadcrumbList","@id":"https:\/\/vanavorumaamuuseumid.ee\/moniste-sundmus\/talujoulude-meeleolu-pakapikumaal\/#breadcrumb","itemListElement":[{"@type":"ListItem","position":1,"name":"Home","item":"https:\/\/vanavorumaamuuseumid.ee\/"},{"@type":"ListItem","position":2,"name":"Talujõulude meeleolu päkapikumaal"}]},{"@type":"WebSite","@id":"https:\/\/vanavorumaamuuseumid.ee\/#website","url":"https:\/\/vanavorumaamuuseumid.ee\/","name":"Vana-Võrumaa Muuseumid","description":"Võrumaa Muuseum, Dr. Fr. R. Kreutzwaldi Memoriaalmuuseum, Mõniste Talurahvamuuseum ja Karilatsi Vabaõhumuuseum","publisher":{"@id":"https:\/\/vanavorumaamuuseumid.ee\/#organization"},"potentialAction":[{"@type":"SearchAction","target":{"@type":"EntryPoint","urlTemplate":"https:\/\/vanavorumaamuuseumid.ee\/?s={search_term_string}"},"query-input":{"@type":"PropertyValueSpecification","valueRequired":true,"valueName":"search_term_string"}}],"inLanguage":"vo"},{"@type":"Organization","@id":"https:\/\/vanavorumaamuuseumid.ee\/#organization","name":"Võru Instituut","url":"https:\/\/vanavorumaamuuseumid.ee\/","logo":{"@type":"ImageObject","inLanguage":"vo","@id":"https:\/\/vanavorumaamuuseumid.ee\/#\/schema\/logo\/image\/","url":"https:\/\/vanavorumaamuuseumid.ee\/wp-content\/uploads\/2025\/05\/vana-voromaa-muusoumi-250516.svg","contentUrl":"https:\/\/vanavorumaamuuseumid.ee\/wp-content\/uploads\/2025\/05\/vana-voromaa-muusoumi-250516.svg","width":567,"height":80,"caption":"Võru Instituut"},"image":{"@id":"https:\/\/vanavorumaamuuseumid.ee\/#\/schema\/logo\/image\/"}}]}</script>
<!-- / Yoast SEO plugin. -->

Talujõulude meeleolu päkapikumaal - Vana-Võrumaa muuseumid

2.–20. detsembrini ärkab muuseumis juba 29. korda ellu päkapikumaa. Igal aastal on [&hellip;]

Vana-Võrumaa muuseumid

Vana-Võrumaa Muuseumid

Võrumaa Muuseum, Dr. Fr. R. Kreutzwaldi Memoriaalmuuseum, Mõniste Talurahvamuuseum ja Karilatsi Vabaõhumuuseum

Võru Instituut
