{"id":2871,"date":"2025-09-15T12:52:50","date_gmt":"2025-09-15T09:52:50","guid":{"rendered":"https:\/\/vanavorumaamuuseumid.ee\/?post_type=muuseumitund-mon&#038;p=2871"},"modified":"2025-09-15T13:15:26","modified_gmt":"2025-09-15T10:15:26","slug":"tsooriplats-versus-manguvaljak-kombed-ja-mangud","status":"publish","type":"muuseumitund-mon","link":"https:\/\/vanavorumaamuuseumid.ee\/vo\/muuseumitund-mon\/tsooriplats-versus-manguvaljak-kombed-ja-mangud\/","title":{"rendered":"Ts\u00f5\u00f5riplats versus m\u00e4nguv\u00e4ljak: kombed ja m\u00e4ngud"},"content":{"rendered":"<p>K\u00e4tte on j\u00f5udnud ilusad soojad ilmad, mis kutsuvad \u00f5ue m\u00e4ngima.<\/p>\n\n\n\n<!--more-->\n\n\n\n<p>\u201cTs\u00f5\u00f5riplats versus m\u00e4nguv\u00e4ljak\u201d programmis m\u00e4ngime vanaaegseid ja t\u00e4nap\u00e4evaseid m\u00f5tte- ning jooksum\u00e4nge. M\u00e4ngimist j\u00e4lgivad pealt muuseumi loomad: k\u00fc\u00fclik ja kanad: soovi korral saab m\u00e4ngude vahel ka neid toita.<\/p>\n\n\n\n<p>Peale programmi on muuseumi juures v\u00f5imalik ka pikniku pidada ja \u00fcmbritsevat loodust nautida.<\/p>\n\n\n\n<p>\u00d5ppeained: ajalugu, kehaline kasvatus, inimese\u00f5petus<\/p>","protected":false},"author":3,"featured_media":0,"template":"","mon-mu-cat":[35,45,46],"moniste-teemapaevad":[],"moniste-muuseumkohvris":[],"class_list":["post-2871","muuseumitund-mon","type-muuseumitund-mon","status-publish","hentry","mon-mu-cat-lasteaed","mon-mu-cat-pohikooli-1aste","mon-mu-cat-pohikooli-2aste"],"acf":[],"yoast_head":"<!-- This site is optimized with the Yoast SEO plugin v27.4 - https:\/\/yoast.com\/product\/yoast-seo-wordpress\/ -->\n<title>Ts\u00f5\u00f5riplats versus m\u00e4nguv\u00e4ljak: kombed ja m\u00e4ngud - Vana-V\u00f5rumaa muuseumid<\/title>\n<meta name=\"robots\" content=\"index, follow, max-snippet:-1, max-image-preview:large, max-video-preview:-1\" \/>\n<link rel=\"canonical\" href=\"https:\/\/vanavorumaamuuseumid.ee\/vo\/muuseumitund-mon\/tsooriplats-versus-manguvaljak-kombed-ja-mangud\/\" \/>\n<meta property=\"og:locale\" content=\"en_US\" \/>\n<meta property=\"og:type\" content=\"article\" \/>\n<meta property=\"og:title\" content=\"Ts\u00f5\u00f5riplats versus m\u00e4nguv\u00e4ljak: kombed ja m\u00e4ngud - Vana-V\u00f5rumaa muuseumid\" \/>\n<meta property=\"og:description\" content=\"K\u00e4tte on j\u00f5udnud ilusad soojad ilmad, mis kutsuvad \u00f5ue m\u00e4ngima.\" \/>\n<meta property=\"og:url\" content=\"https:\/\/vanavorumaamuuseumid.ee\/vo\/muuseumitund-mon\/tsooriplats-versus-manguvaljak-kombed-ja-mangud\/\" \/>\n<meta property=\"og:site_name\" content=\"Vana-V\u00f5rumaa muuseumid\" \/>\n<meta property=\"article:modified_time\" content=\"2025-09-15T10:15:26+00:00\" \/>\n<meta name=\"twitter:card\" content=\"summary_large_image\" \/>\n<script type=\"application\/ld+json\" class=\"yoast-schema-graph\">{\"@context\":\"https:\\\/\\\/schema.org\",\"@graph\":[{\"@type\":\"WebPage\",\"@id\":\"https:\\\/\\\/vanavorumaamuuseumid.ee\\\/muuseumitund-mon\\\/tsooriplats-versus-manguvaljak-kombed-ja-mangud\\\/\",\"url\":\"https:\\\/\\\/vanavorumaamuuseumid.ee\\\/muuseumitund-mon\\\/tsooriplats-versus-manguvaljak-kombed-ja-mangud\\\/\",\"name\":\"Ts\u00f5\u00f5riplats versus m\u00e4nguv\u00e4ljak: kombed ja m\u00e4ngud - Vana-V\u00f5rumaa muuseumid\",\"isPartOf\":{\"@id\":\"https:\\\/\\\/vanavorumaamuuseumid.ee\\\/#website\"},\"datePublished\":\"2025-09-15T09:52:50+00:00\",\"dateModified\":\"2025-09-15T10:15:26+00:00\",\"breadcrumb\":{\"@id\":\"https:\\\/\\\/vanavorumaamuuseumid.ee\\\/muuseumitund-mon\\\/tsooriplats-versus-manguvaljak-kombed-ja-mangud\\\/#breadcrumb\"},\"inLanguage\":\"vo\",\"potentialAction\":[{\"@type\":\"ReadAction\",\"target\":[\"https:\\\/\\\/vanavorumaamuuseumid.ee\\\/muuseumitund-mon\\\/tsooriplats-versus-manguvaljak-kombed-ja-mangud\\\/\"]}]},{\"@type\":\"BreadcrumbList\",\"@id\":\"https:\\\/\\\/vanavorumaamuuseumid.ee\\\/muuseumitund-mon\\\/tsooriplats-versus-manguvaljak-kombed-ja-mangud\\\/#breadcrumb\",\"itemListElement\":[{\"@type\":\"ListItem\",\"position\":1,\"name\":\"Home\",\"item\":\"https:\\\/\\\/vanavorumaamuuseumid.ee\\\/\"},{\"@type\":\"ListItem\",\"position\":2,\"name\":\"Ts\u00f5\u00f5riplats versus m\u00e4nguv\u00e4ljak: kombed ja m\u00e4ngud\"}]},{\"@type\":\"WebSite\",\"@id\":\"https:\\\/\\\/vanavorumaamuuseumid.ee\\\/#website\",\"url\":\"https:\\\/\\\/vanavorumaamuuseumid.ee\\\/\",\"name\":\"Vana-V\u00f5rumaa Muuseumid\",\"description\":\"V\u00f5rumaa Muuseum, Dr. Fr. R. Kreutzwaldi Memoriaalmuuseum, M\u00f5niste Talurahvamuuseum ja Karilatsi Vaba\u00f5humuuseum\",\"publisher\":{\"@id\":\"https:\\\/\\\/vanavorumaamuuseumid.ee\\\/#organization\"},\"potentialAction\":[{\"@type\":\"SearchAction\",\"target\":{\"@type\":\"EntryPoint\",\"urlTemplate\":\"https:\\\/\\\/vanavorumaamuuseumid.ee\\\/?s={search_term_string}\"},\"query-input\":{\"@type\":\"PropertyValueSpecification\",\"valueRequired\":true,\"valueName\":\"search_term_string\"}}],\"inLanguage\":\"vo\"},{\"@type\":\"Organization\",\"@id\":\"https:\\\/\\\/vanavorumaamuuseumid.ee\\\/#organization\",\"name\":\"V\u00f5ru Instituut\",\"url\":\"https:\\\/\\\/vanavorumaamuuseumid.ee\\\/\",\"logo\":{\"@type\":\"ImageObject\",\"inLanguage\":\"vo\",\"@id\":\"https:\\\/\\\/vanavorumaamuuseumid.ee\\\/#\\\/schema\\\/logo\\\/image\\\/\",\"url\":\"https:\\\/\\\/vanavorumaamuuseumid.ee\\\/wp-content\\\/uploads\\\/2025\\\/05\\\/vana-voromaa-muusoumi-250516.svg\",\"contentUrl\":\"https:\\\/\\\/vanavorumaamuuseumid.ee\\\/wp-content\\\/uploads\\\/2025\\\/05\\\/vana-voromaa-muusoumi-250516.svg\",\"width\":567,\"height\":80,\"caption\":\"V\u00f5ru Instituut\"},\"image\":{\"@id\":\"https:\\\/\\\/vanavorumaamuuseumid.ee\\\/#\\\/schema\\\/logo\\\/image\\\/\"}}]}<\/script>\n<!-- \/ Yoast SEO plugin. -->","yoast_head_json":{"title":"Ts\u00f5\u00f5riplats versus m\u00e4nguv\u00e4ljak: kombed ja m\u00e4ngud - Vana-V\u00f5rumaa muuseumid","robots":{"index":"index","follow":"follow","max-snippet":"max-snippet:-1","max-image-preview":"max-image-preview:large","max-video-preview":"max-video-preview:-1"},"canonical":"https:\/\/vanavorumaamuuseumid.ee\/vo\/muuseumitund-mon\/tsooriplats-versus-manguvaljak-kombed-ja-mangud\/","og_locale":"en_US","og_type":"article","og_title":"Ts\u00f5\u00f5riplats versus m\u00e4nguv\u00e4ljak: kombed ja m\u00e4ngud - Vana-V\u00f5rumaa muuseumid","og_description":"K\u00e4tte on j\u00f5udnud ilusad soojad ilmad, mis kutsuvad \u00f5ue m\u00e4ngima.","og_url":"https:\/\/vanavorumaamuuseumid.ee\/vo\/muuseumitund-mon\/tsooriplats-versus-manguvaljak-kombed-ja-mangud\/","og_site_name":"Vana-V\u00f5rumaa muuseumid","article_modified_time":"2025-09-15T10:15:26+00:00","twitter_card":"summary_large_image","schema":{"@context":"https:\/\/schema.org","@graph":[{"@type":"WebPage","@id":"https:\/\/vanavorumaamuuseumid.ee\/muuseumitund-mon\/tsooriplats-versus-manguvaljak-kombed-ja-mangud\/","url":"https:\/\/vanavorumaamuuseumid.ee\/muuseumitund-mon\/tsooriplats-versus-manguvaljak-kombed-ja-mangud\/","name":"Ts\u00f5\u00f5riplats versus m\u00e4nguv\u00e4ljak: kombed ja m\u00e4ngud - Vana-V\u00f5rumaa muuseumid","isPartOf":{"@id":"https:\/\/vanavorumaamuuseumid.ee\/#website"},"datePublished":"2025-09-15T09:52:50+00:00","dateModified":"2025-09-15T10:15:26+00:00","breadcrumb":{"@id":"https:\/\/vanavorumaamuuseumid.ee\/muuseumitund-mon\/tsooriplats-versus-manguvaljak-kombed-ja-mangud\/#breadcrumb"},"inLanguage":"vo","potentialAction":[{"@type":"ReadAction","target":["https:\/\/vanavorumaamuuseumid.ee\/muuseumitund-mon\/tsooriplats-versus-manguvaljak-kombed-ja-mangud\/"]}]},{"@type":"BreadcrumbList","@id":"https:\/\/vanavorumaamuuseumid.ee\/muuseumitund-mon\/tsooriplats-versus-manguvaljak-kombed-ja-mangud\/#breadcrumb","itemListElement":[{"@type":"ListItem","position":1,"name":"Home","item":"https:\/\/vanavorumaamuuseumid.ee\/"},{"@type":"ListItem","position":2,"name":"Ts\u00f5\u00f5riplats versus m\u00e4nguv\u00e4ljak: kombed ja m\u00e4ngud"}]},{"@type":"WebSite","@id":"https:\/\/vanavorumaamuuseumid.ee\/#website","url":"https:\/\/vanavorumaamuuseumid.ee\/","name":"Vana-V\u00f5rumaa Muuseumid","description":"V\u00f5rumaa Muuseum, Dr. Fr. R. Kreutzwaldi Memoriaalmuuseum, M\u00f5niste Talurahvamuuseum ja Karilatsi Vaba\u00f5humuuseum","publisher":{"@id":"https:\/\/vanavorumaamuuseumid.ee\/#organization"},"potentialAction":[{"@type":"SearchAction","target":{"@type":"EntryPoint","urlTemplate":"https:\/\/vanavorumaamuuseumid.ee\/?s={search_term_string}"},"query-input":{"@type":"PropertyValueSpecification","valueRequired":true,"valueName":"search_term_string"}}],"inLanguage":"vo"},{"@type":"Organization","@id":"https:\/\/vanavorumaamuuseumid.ee\/#organization","name":"V\u00f5ru Instituut","url":"https:\/\/vanavorumaamuuseumid.ee\/","logo":{"@type":"ImageObject","inLanguage":"vo","@id":"https:\/\/vanavorumaamuuseumid.ee\/#\/schema\/logo\/image\/","url":"https:\/\/vanavorumaamuuseumid.ee\/wp-content\/uploads\/2025\/05\/vana-voromaa-muusoumi-250516.svg","contentUrl":"https:\/\/vanavorumaamuuseumid.ee\/wp-content\/uploads\/2025\/05\/vana-voromaa-muusoumi-250516.svg","width":567,"height":80,"caption":"V\u00f5ru Instituut"},"image":{"@id":"https:\/\/vanavorumaamuuseumid.ee\/#\/schema\/logo\/image\/"}}]}},"_links":{"self":[{"href":"https:\/\/vanavorumaamuuseumid.ee\/vo\/wp-json\/wp\/v2\/muuseumitund-mon\/2871","targetHints":{"allow":["GET"]}}],"collection":[{"href":"https:\/\/vanavorumaamuuseumid.ee\/vo\/wp-json\/wp\/v2\/muuseumitund-mon"}],"about":[{"href":"https:\/\/vanavorumaamuuseumid.ee\/vo\/wp-json\/wp\/v2\/types\/muuseumitund-mon"}],"author":[{"embeddable":true,"href":"https:\/\/vanavorumaamuuseumid.ee\/vo\/wp-json\/wp\/v2\/users\/3"}],"wp:attachment":[{"href":"https:\/\/vanavorumaamuuseumid.ee\/vo\/wp-json\/wp\/v2\/media?parent=2871"}],"wp:term":[{"taxonomy":"mon-mu-cat","embeddable":true,"href":"https:\/\/vanavorumaamuuseumid.ee\/vo\/wp-json\/wp\/v2\/mon-mu-cat?post=2871"},{"taxonomy":"moniste-teemapaevad","embeddable":true,"href":"https:\/\/vanavorumaamuuseumid.ee\/vo\/wp-json\/wp\/v2\/moniste-teemapaevad?post=2871"},{"taxonomy":"moniste-muuseumkohvris","embeddable":true,"href":"https:\/\/vanavorumaamuuseumid.ee\/vo\/wp-json\/wp\/v2\/moniste-muuseumkohvris?post=2871"}],"curies":[{"name":"wp","href":"https:\/\/api.w.org\/{rel}","templated":true}]}}

Tsõõriplats versus mänguväljak: kombed ja mängud

<p>Kätte on jõudnud ilusad soojad ilmad, mis kutsuvad õue mängima.</p>



<!--more-->



<p>“Tsõõriplats versus mänguväljak” programmis mängime vanaaegseid ja tänapäevaseid mõtte- ning jooksumänge. Mängimist jälgivad pealt muuseumi loomad: küülik ja kanad: soovi korral saab mängude vahel ka neid toita.</p>



<p>Peale programmi on muuseumi juures võimalik ka pikniku pidada ja ümbritsevat loodust nautida.</p>



<p>Õppeained: ajalugu, kehaline kasvatus, inimeseõpetus</p>

<!-- This site is optimized with the Yoast SEO plugin v27.4 - https://yoast.com/product/yoast-seo-wordpress/ -->
<title>Tsõõriplats versus mänguväljak: kombed ja mängud - Vana-Võrumaa muuseumid</title>
<meta name="robots" content="index, follow, max-snippet:-1, max-image-preview:large, max-video-preview:-1" />
<link rel="canonical" href="https://vanavorumaamuuseumid.ee/vo/muuseumitund-mon/tsooriplats-versus-manguvaljak-kombed-ja-mangud/" />
<meta property="og:locale" content="en_US" />
<meta property="og:type" content="article" />
<meta property="og:title" content="Tsõõriplats versus mänguväljak: kombed ja mängud - Vana-Võrumaa muuseumid" />
<meta property="og:description" content="Kätte on jõudnud ilusad soojad ilmad, mis kutsuvad õue mängima." />
<meta property="og:url" content="https://vanavorumaamuuseumid.ee/vo/muuseumitund-mon/tsooriplats-versus-manguvaljak-kombed-ja-mangud/" />
<meta property="og:site_name" content="Vana-Võrumaa muuseumid" />
<meta property="article:modified_time" content="2025-09-15T10:15:26+00:00" />
<meta name="twitter:card" content="summary_large_image" />
<script type="application/ld+json" class="yoast-schema-graph">{"@context":"https:\/\/schema.org","@graph":[{"@type":"WebPage","@id":"https:\/\/vanavorumaamuuseumid.ee\/muuseumitund-mon\/tsooriplats-versus-manguvaljak-kombed-ja-mangud\/","url":"https:\/\/vanavorumaamuuseumid.ee\/muuseumitund-mon\/tsooriplats-versus-manguvaljak-kombed-ja-mangud\/","name":"Tsõõriplats versus mänguväljak: kombed ja mängud - Vana-Võrumaa muuseumid","isPartOf":{"@id":"https:\/\/vanavorumaamuuseumid.ee\/#website"},"datePublished":"2025-09-15T09:52:50+00:00","dateModified":"2025-09-15T10:15:26+00:00","breadcrumb":{"@id":"https:\/\/vanavorumaamuuseumid.ee\/muuseumitund-mon\/tsooriplats-versus-manguvaljak-kombed-ja-mangud\/#breadcrumb"},"inLanguage":"vo","potentialAction":[{"@type":"ReadAction","target":["https:\/\/vanavorumaamuuseumid.ee\/muuseumitund-mon\/tsooriplats-versus-manguvaljak-kombed-ja-mangud\/"]}]},{"@type":"BreadcrumbList","@id":"https:\/\/vanavorumaamuuseumid.ee\/muuseumitund-mon\/tsooriplats-versus-manguvaljak-kombed-ja-mangud\/#breadcrumb","itemListElement":[{"@type":"ListItem","position":1,"name":"Home","item":"https:\/\/vanavorumaamuuseumid.ee\/"},{"@type":"ListItem","position":2,"name":"Tsõõriplats versus mänguväljak: kombed ja mängud"}]},{"@type":"WebSite","@id":"https:\/\/vanavorumaamuuseumid.ee\/#website","url":"https:\/\/vanavorumaamuuseumid.ee\/","name":"Vana-Võrumaa Muuseumid","description":"Võrumaa Muuseum, Dr. Fr. R. Kreutzwaldi Memoriaalmuuseum, Mõniste Talurahvamuuseum ja Karilatsi Vabaõhumuuseum","publisher":{"@id":"https:\/\/vanavorumaamuuseumid.ee\/#organization"},"potentialAction":[{"@type":"SearchAction","target":{"@type":"EntryPoint","urlTemplate":"https:\/\/vanavorumaamuuseumid.ee\/?s={search_term_string}"},"query-input":{"@type":"PropertyValueSpecification","valueRequired":true,"valueName":"search_term_string"}}],"inLanguage":"vo"},{"@type":"Organization","@id":"https:\/\/vanavorumaamuuseumid.ee\/#organization","name":"Võru Instituut","url":"https:\/\/vanavorumaamuuseumid.ee\/","logo":{"@type":"ImageObject","inLanguage":"vo","@id":"https:\/\/vanavorumaamuuseumid.ee\/#\/schema\/logo\/image\/","url":"https:\/\/vanavorumaamuuseumid.ee\/wp-content\/uploads\/2025\/05\/vana-voromaa-muusoumi-250516.svg","contentUrl":"https:\/\/vanavorumaamuuseumid.ee\/wp-content\/uploads\/2025\/05\/vana-voromaa-muusoumi-250516.svg","width":567,"height":80,"caption":"Võru Instituut"},"image":{"@id":"https:\/\/vanavorumaamuuseumid.ee\/#\/schema\/logo\/image\/"}}]}</script>
<!-- / Yoast SEO plugin. -->

Tsõõriplats versus mänguväljak: kombed ja mängud - Vana-Võrumaa muuseumid

Kätte on jõudnud ilusad soojad ilmad, mis kutsuvad õue mängima.

Vana-Võrumaa muuseumid

Vana-Võrumaa Muuseumid

Võrumaa Muuseum, Dr. Fr. R. Kreutzwaldi Memoriaalmuuseum, Mõniste Talurahvamuuseum ja Karilatsi Vabaõhumuuseum

Võru Instituut
