{"id":1127,"date":"2025-06-10T08:14:57","date_gmt":"2025-06-10T05:14:57","guid":{"rendered":"https:\/\/vanavorumaamuuseumid.ee\/?page_id=1127"},"modified":"2026-03-02T13:07:10","modified_gmt":"2026-03-02T11:07:10","slug":"tootajad","status":"publish","type":"page","link":"https:\/\/vanavorumaamuuseumid.ee\/vo\/lauluisa\/tootajad\/","title":{"rendered":"T\u00f6\u00f6tajad"},"content":{"rendered":"<div class=\"wp-block-columns row-tootajad is-layout-flex wp-container-core-columns-is-layout-9d6595d7 wp-block-columns-is-layout-flex\">\n<div class=\"wp-block-column is-layout-flow wp-block-column-is-layout-flow\">\n<p><strong>Aimi Hollo<\/strong><br>juhataja<\/p>\n<\/div>\n\n\n\n<div class=\"wp-block-column is-layout-flow wp-block-column-is-layout-flow\">\n<p>aim&#105;&#46;&#104;&#111;&#x6c;&#x6c;&#x6f;&#x40;&#x77;&#x69;&#x2e;ee<br>782 1798, 56297242<\/p>\n<\/div>\n<\/div>\n\n\n\n<div class=\"wp-block-columns row-tootajad is-layout-flex wp-container-core-columns-is-layout-9d6595d7 wp-block-columns-is-layout-flex\">\n<div class=\"wp-block-column is-layout-flow wp-block-column-is-layout-flow\">\n<p><strong><strong><strong>Malle Avans<\/strong><\/strong><\/strong><br>koguhoidja<\/p>\n<\/div>\n\n\n\n<div class=\"wp-block-column is-layout-flow wp-block-column-is-layout-flow\">\n<p>malle&#46;&#97;&#118;&#97;&#110;&#115;&#64;&#119;&#x69;&#x2e;&#x65;&#x65;<br>782 1798<\/p>\n<\/div>\n<\/div>\n\n\n\n<div class=\"wp-block-columns row-tootajad is-layout-flex wp-container-core-columns-is-layout-9d6595d7 wp-block-columns-is-layout-flex\">\n<div class=\"wp-block-column is-layout-flow wp-block-column-is-layout-flow\">\n<p><strong><strong><strong><strong>Heli Raudsik<\/strong><\/strong><\/strong><\/strong><br>k\u00fclastusjuht<\/p>\n<\/div>\n\n\n\n<div class=\"wp-block-column is-layout-flow wp-block-column-is-layout-flow\">\n<p>&#105;n&#x66;o&#x40;l&#x61;u&#x6c;&#117;&#x69;&#115;&#x61;&#46;&#x65;&#101;<br>782 1798<\/p>\n<\/div>\n<\/div>\n\n\n\n<div class=\"wp-block-columns row-tootajad is-layout-flex wp-container-core-columns-is-layout-9d6595d7 wp-block-columns-is-layout-flex\">\n<div class=\"wp-block-column is-layout-flow wp-block-column-is-layout-flow\">\n<p><strong><strong><strong><strong><strong>Tiina Bahmat\u0161ev<\/strong><\/strong><\/strong><\/strong><\/strong><br>aednik<\/p>\n<\/div>\n\n\n\n<div class=\"wp-block-column is-layout-flow wp-block-column-is-layout-flow\">\n<p>782 1798<\/p>\n<\/div>\n<\/div>","protected":false},"excerpt":{"rendered":"<p>Aimi Hollojuhataja &#97;&#x69;&#109;&#x69;&#46;&#x68;&#111;&#x6c;&#108;&#x6f;&#64;&#x77;&#105;&#x2e;&#101;&#x65;782 1798, 56297242 Malle Avanskoguhoidja &#109;&#x61;&#108;&#x6c;&#101;&#x2e;&#97;&#x76;&#97;&#x6e;&#115;&#x40;&#119;&#x69;&#46;&#x65;&#101;782 1798 Heli Raudsikk\u00fclastusjuht i&#110;&#102;&#x6f;&#x40;la&#117;&#108;&#x75;&#x69;sa&#46;&#101;&#x65;782 [&hellip;]<\/p>\n","protected":false},"author":1,"featured_media":0,"parent":227,"menu_order":0,"comment_status":"closed","ping_status":"closed","template":"","meta":{"_acf_changed":false,"_et_pb_use_builder":"","_et_pb_old_content":"","_et_gb_content_width":"","footnotes":""},"class_list":["post-1127","page","type-page","status-publish","hentry"],"acf":[],"yoast_head":"<!-- This site is optimized with the Yoast SEO plugin v27.4 - https:\/\/yoast.com\/product\/yoast-seo-wordpress\/ -->\n<title>T\u00f6\u00f6tajad - Vana-V\u00f5rumaa muuseumid<\/title>\n<meta name=\"robots\" content=\"index, follow, max-snippet:-1, max-image-preview:large, max-video-preview:-1\" \/>\n<link rel=\"canonical\" href=\"https:\/\/vanavorumaamuuseumid.ee\/vo\/lauluisa\/tootajad\/\" \/>\n<meta property=\"og:locale\" content=\"en_US\" \/>\n<meta property=\"og:type\" content=\"article\" \/>\n<meta property=\"og:title\" content=\"T\u00f6\u00f6tajad - Vana-V\u00f5rumaa muuseumid\" \/>\n<meta property=\"og:description\" content=\"Aimi Hollojuhataja &#097;&#x69;&#109;&#x69;&#046;&#x68;&#111;&#x6c;l&#x6f;&#064;&#x77;i&#x2e;e&#101;782 1798, 56297242 Malle Avanskoguhoidja malle&#046;avans&#064;&#119;&#105;&#046;&#101;&#101;782 1798 Heli Raudsikk\u00fclastusjuht info&#064;lauluisa&#046;ee782 [&hellip;]\" \/>\n<meta property=\"og:url\" content=\"https:\/\/vanavorumaamuuseumid.ee\/vo\/lauluisa\/tootajad\/\" \/>\n<meta property=\"og:site_name\" content=\"Vana-V\u00f5rumaa muuseumid\" \/>\n<meta property=\"article:modified_time\" content=\"2026-03-02T11:07:10+00:00\" \/>\n<meta name=\"twitter:card\" content=\"summary_large_image\" \/>\n<meta name=\"twitter:label1\" content=\"Est. reading time\" \/>\n\t<meta name=\"twitter:data1\" content=\"1 minute\" \/>\n<script type=\"application\/ld+json\" class=\"yoast-schema-graph\">{\"@context\":\"https:\\\/\\\/schema.org\",\"@graph\":[{\"@type\":\"WebPage\",\"@id\":\"https:\\\/\\\/vanavorumaamuuseumid.ee\\\/lauluisa\\\/tootajad\\\/\",\"url\":\"https:\\\/\\\/vanavorumaamuuseumid.ee\\\/lauluisa\\\/tootajad\\\/\",\"name\":\"T\u00f6\u00f6tajad - Vana-V\u00f5rumaa muuseumid\",\"isPartOf\":{\"@id\":\"https:\\\/\\\/vanavorumaamuuseumid.ee\\\/#website\"},\"datePublished\":\"2025-06-10T05:14:57+00:00\",\"dateModified\":\"2026-03-02T11:07:10+00:00\",\"breadcrumb\":{\"@id\":\"https:\\\/\\\/vanavorumaamuuseumid.ee\\\/lauluisa\\\/tootajad\\\/#breadcrumb\"},\"inLanguage\":\"vo\",\"potentialAction\":[{\"@type\":\"ReadAction\",\"target\":[\"https:\\\/\\\/vanavorumaamuuseumid.ee\\\/lauluisa\\\/tootajad\\\/\"]}]},{\"@type\":\"BreadcrumbList\",\"@id\":\"https:\\\/\\\/vanavorumaamuuseumid.ee\\\/lauluisa\\\/tootajad\\\/#breadcrumb\",\"itemListElement\":[{\"@type\":\"ListItem\",\"position\":1,\"name\":\"Home\",\"item\":\"https:\\\/\\\/vanavorumaamuuseumid.ee\\\/\"},{\"@type\":\"ListItem\",\"position\":2,\"name\":\"Dr. Fr. R. Kreutzwaldi Memoriaalmuuseum\",\"item\":\"https:\\\/\\\/vanavorumaamuuseumid.ee\\\/lauluisa\\\/\"},{\"@type\":\"ListItem\",\"position\":3,\"name\":\"T\u00f6\u00f6tajad\"}]},{\"@type\":\"WebSite\",\"@id\":\"https:\\\/\\\/vanavorumaamuuseumid.ee\\\/#website\",\"url\":\"https:\\\/\\\/vanavorumaamuuseumid.ee\\\/\",\"name\":\"Vana-V\u00f5rumaa Muuseumid\",\"description\":\"V\u00f5rumaa Muuseum, Dr. Fr. R. Kreutzwaldi Memoriaalmuuseum, M\u00f5niste Talurahvamuuseum ja Karilatsi Vaba\u00f5humuuseum\",\"publisher\":{\"@id\":\"https:\\\/\\\/vanavorumaamuuseumid.ee\\\/#organization\"},\"potentialAction\":[{\"@type\":\"SearchAction\",\"target\":{\"@type\":\"EntryPoint\",\"urlTemplate\":\"https:\\\/\\\/vanavorumaamuuseumid.ee\\\/?s={search_term_string}\"},\"query-input\":{\"@type\":\"PropertyValueSpecification\",\"valueRequired\":true,\"valueName\":\"search_term_string\"}}],\"inLanguage\":\"vo\"},{\"@type\":\"Organization\",\"@id\":\"https:\\\/\\\/vanavorumaamuuseumid.ee\\\/#organization\",\"name\":\"V\u00f5ru Instituut\",\"url\":\"https:\\\/\\\/vanavorumaamuuseumid.ee\\\/\",\"logo\":{\"@type\":\"ImageObject\",\"inLanguage\":\"vo\",\"@id\":\"https:\\\/\\\/vanavorumaamuuseumid.ee\\\/#\\\/schema\\\/logo\\\/image\\\/\",\"url\":\"https:\\\/\\\/vanavorumaamuuseumid.ee\\\/wp-content\\\/uploads\\\/2025\\\/05\\\/vana-voromaa-muusoumi-250516.svg\",\"contentUrl\":\"https:\\\/\\\/vanavorumaamuuseumid.ee\\\/wp-content\\\/uploads\\\/2025\\\/05\\\/vana-voromaa-muusoumi-250516.svg\",\"width\":567,\"height\":80,\"caption\":\"V\u00f5ru Instituut\"},\"image\":{\"@id\":\"https:\\\/\\\/vanavorumaamuuseumid.ee\\\/#\\\/schema\\\/logo\\\/image\\\/\"}}]}<\/script>\n<!-- \/ Yoast SEO plugin. -->","yoast_head_json":{"title":"T\u00f6\u00f6tajad - Vana-V\u00f5rumaa muuseumid","robots":{"index":"index","follow":"follow","max-snippet":"max-snippet:-1","max-image-preview":"max-image-preview:large","max-video-preview":"max-video-preview:-1"},"canonical":"https:\/\/vanavorumaamuuseumid.ee\/vo\/lauluisa\/tootajad\/","og_locale":"en_US","og_type":"article","og_title":"T\u00f6\u00f6tajad - Vana-V\u00f5rumaa muuseumid","og_description":"Aimi Hollojuhataja &#97;&#x69;&#109;&#x69;&#46;&#x68;&#111;&#x6c;l&#x6f;&#64;&#x77;i&#x2e;e&#101;782 1798, 56297242 Malle Avanskoguhoidja malle&#46;avans&#64;&#119;&#105;&#46;&#101;&#101;782 1798 Heli Raudsikk\u00fclastusjuht info&#64;lauluisa&#46;ee782 [&hellip;]","og_url":"https:\/\/vanavorumaamuuseumid.ee\/vo\/lauluisa\/tootajad\/","og_site_name":"Vana-V\u00f5rumaa muuseumid","article_modified_time":"2026-03-02T11:07:10+00:00","twitter_card":"summary_large_image","twitter_misc":{"Est. reading time":"1 minute"},"schema":{"@context":"https:\/\/schema.org","@graph":[{"@type":"WebPage","@id":"https:\/\/vanavorumaamuuseumid.ee\/lauluisa\/tootajad\/","url":"https:\/\/vanavorumaamuuseumid.ee\/lauluisa\/tootajad\/","name":"T\u00f6\u00f6tajad - Vana-V\u00f5rumaa muuseumid","isPartOf":{"@id":"https:\/\/vanavorumaamuuseumid.ee\/#website"},"datePublished":"2025-06-10T05:14:57+00:00","dateModified":"2026-03-02T11:07:10+00:00","breadcrumb":{"@id":"https:\/\/vanavorumaamuuseumid.ee\/lauluisa\/tootajad\/#breadcrumb"},"inLanguage":"vo","potentialAction":[{"@type":"ReadAction","target":["https:\/\/vanavorumaamuuseumid.ee\/lauluisa\/tootajad\/"]}]},{"@type":"BreadcrumbList","@id":"https:\/\/vanavorumaamuuseumid.ee\/lauluisa\/tootajad\/#breadcrumb","itemListElement":[{"@type":"ListItem","position":1,"name":"Home","item":"https:\/\/vanavorumaamuuseumid.ee\/"},{"@type":"ListItem","position":2,"name":"Dr. Fr. R. Kreutzwaldi Memoriaalmuuseum","item":"https:\/\/vanavorumaamuuseumid.ee\/lauluisa\/"},{"@type":"ListItem","position":3,"name":"T\u00f6\u00f6tajad"}]},{"@type":"WebSite","@id":"https:\/\/vanavorumaamuuseumid.ee\/#website","url":"https:\/\/vanavorumaamuuseumid.ee\/","name":"Vana-V\u00f5rumaa Muuseumid","description":"V\u00f5rumaa Muuseum, Dr. Fr. R. Kreutzwaldi Memoriaalmuuseum, M\u00f5niste Talurahvamuuseum ja Karilatsi Vaba\u00f5humuuseum","publisher":{"@id":"https:\/\/vanavorumaamuuseumid.ee\/#organization"},"potentialAction":[{"@type":"SearchAction","target":{"@type":"EntryPoint","urlTemplate":"https:\/\/vanavorumaamuuseumid.ee\/?s={search_term_string}"},"query-input":{"@type":"PropertyValueSpecification","valueRequired":true,"valueName":"search_term_string"}}],"inLanguage":"vo"},{"@type":"Organization","@id":"https:\/\/vanavorumaamuuseumid.ee\/#organization","name":"V\u00f5ru Instituut","url":"https:\/\/vanavorumaamuuseumid.ee\/","logo":{"@type":"ImageObject","inLanguage":"vo","@id":"https:\/\/vanavorumaamuuseumid.ee\/#\/schema\/logo\/image\/","url":"https:\/\/vanavorumaamuuseumid.ee\/wp-content\/uploads\/2025\/05\/vana-voromaa-muusoumi-250516.svg","contentUrl":"https:\/\/vanavorumaamuuseumid.ee\/wp-content\/uploads\/2025\/05\/vana-voromaa-muusoumi-250516.svg","width":567,"height":80,"caption":"V\u00f5ru Instituut"},"image":{"@id":"https:\/\/vanavorumaamuuseumid.ee\/#\/schema\/logo\/image\/"}}]}},"_links":{"self":[{"href":"https:\/\/vanavorumaamuuseumid.ee\/vo\/wp-json\/wp\/v2\/pages\/1127","targetHints":{"allow":["GET"]}}],"collection":[{"href":"https:\/\/vanavorumaamuuseumid.ee\/vo\/wp-json\/wp\/v2\/pages"}],"about":[{"href":"https:\/\/vanavorumaamuuseumid.ee\/vo\/wp-json\/wp\/v2\/types\/page"}],"author":[{"embeddable":true,"href":"https:\/\/vanavorumaamuuseumid.ee\/vo\/wp-json\/wp\/v2\/users\/1"}],"replies":[{"embeddable":true,"href":"https:\/\/vanavorumaamuuseumid.ee\/vo\/wp-json\/wp\/v2\/comments?post=1127"}],"version-history":[{"count":13,"href":"https:\/\/vanavorumaamuuseumid.ee\/vo\/wp-json\/wp\/v2\/pages\/1127\/revisions"}],"predecessor-version":[{"id":5313,"href":"https:\/\/vanavorumaamuuseumid.ee\/vo\/wp-json\/wp\/v2\/pages\/1127\/revisions\/5313"}],"up":[{"embeddable":true,"href":"https:\/\/vanavorumaamuuseumid.ee\/vo\/wp-json\/wp\/v2\/pages\/227"}],"wp:attachment":[{"href":"https:\/\/vanavorumaamuuseumid.ee\/vo\/wp-json\/wp\/v2\/media?parent=1127"}],"curies":[{"name":"wp","href":"https:\/\/api.w.org\/{rel}","templated":true}]}}

Töötajad

<div class="wp-block-columns row-tootajad is-layout-flex wp-container-core-columns-is-layout-9d6595d7 wp-block-columns-is-layout-flex">
<div class="wp-block-column is-layout-flow wp-block-column-is-layout-flow">
<p><strong>Aimi Hollo</strong><br>juhataja</p>
</div>



<div class="wp-block-column is-layout-flow wp-block-column-is-layout-flow">
<p>aim&#105;&#46;&#104;&#111;&#x6c;&#x6c;&#x6f;&#x40;&#x77;&#x69;&#x2e;ee<br>782 1798, 56297242</p>
</div>
</div>



<div class="wp-block-columns row-tootajad is-layout-flex wp-container-core-columns-is-layout-9d6595d7 wp-block-columns-is-layout-flex">
<div class="wp-block-column is-layout-flow wp-block-column-is-layout-flow">
<p><strong><strong><strong>Malle Avans</strong></strong></strong><br>koguhoidja</p>
</div>



<div class="wp-block-column is-layout-flow wp-block-column-is-layout-flow">
<p>malle&#46;&#97;&#118;&#97;&#110;&#115;&#64;&#119;&#x69;&#x2e;&#x65;&#x65;<br>782 1798</p>
</div>
</div>



<div class="wp-block-columns row-tootajad is-layout-flex wp-container-core-columns-is-layout-9d6595d7 wp-block-columns-is-layout-flex">
<div class="wp-block-column is-layout-flow wp-block-column-is-layout-flow">
<p><strong><strong><strong><strong>Heli Raudsik</strong></strong></strong></strong><br>külastusjuht</p>
</div>



<div class="wp-block-column is-layout-flow wp-block-column-is-layout-flow">
<p>&#105;n&#x66;o&#x40;l&#x61;u&#x6c;&#117;&#x69;&#115;&#x61;&#46;&#x65;&#101;<br>782 1798</p>
</div>
</div>



<div class="wp-block-columns row-tootajad is-layout-flex wp-container-core-columns-is-layout-9d6595d7 wp-block-columns-is-layout-flex">
<div class="wp-block-column is-layout-flow wp-block-column-is-layout-flow">
<p><strong><strong><strong><strong><strong>Tiina Bahmatšev</strong></strong></strong></strong></strong><br>aednik</p>
</div>



<div class="wp-block-column is-layout-flow wp-block-column-is-layout-flow">
<p>782 1798</p>
</div>
</div>

<p>Aimi Hollojuhataja &#97;&#x69;&#109;&#x69;&#46;&#x68;&#111;&#x6c;&#108;&#x6f;&#64;&#x77;&#105;&#x2e;&#101;&#x65;782 1798, 56297242 Malle Avanskoguhoidja &#109;&#x61;&#108;&#x6c;&#101;&#x2e;&#97;&#x76;&#97;&#x6e;&#115;&#x40;&#119;&#x69;&#46;&#x65;&#101;782 1798 Heli Raudsikkülastusjuht i&#110;&#102;&#x6f;&#x40;la&#117;&#108;&#x75;&#x69;sa&#46;&#101;&#x65;782 [&hellip;]</p>

<!-- This site is optimized with the Yoast SEO plugin v27.4 - https://yoast.com/product/yoast-seo-wordpress/ -->
<title>Töötajad - Vana-Võrumaa muuseumid</title>
<meta name="robots" content="index, follow, max-snippet:-1, max-image-preview:large, max-video-preview:-1" />
<link rel="canonical" href="https://vanavorumaamuuseumid.ee/vo/lauluisa/tootajad/" />
<meta property="og:locale" content="en_US" />
<meta property="og:type" content="article" />
<meta property="og:title" content="Töötajad - Vana-Võrumaa muuseumid" />
<meta property="og:description" content="Aimi Hollojuhataja &#097;&#x69;&#109;&#x69;&#046;&#x68;&#111;&#x6c;l&#x6f;&#064;&#x77;i&#x2e;e&#101;782 1798, 56297242 Malle Avanskoguhoidja malle&#046;avans&#064;&#119;&#105;&#046;&#101;&#101;782 1798 Heli Raudsikkülastusjuht info&#064;lauluisa&#046;ee782 [&hellip;]" />
<meta property="og:url" content="https://vanavorumaamuuseumid.ee/vo/lauluisa/tootajad/" />
<meta property="og:site_name" content="Vana-Võrumaa muuseumid" />
<meta property="article:modified_time" content="2026-03-02T11:07:10+00:00" />
<meta name="twitter:card" content="summary_large_image" />
<meta name="twitter:label1" content="Est. reading time" />
	<meta name="twitter:data1" content="1 minute" />
<script type="application/ld+json" class="yoast-schema-graph">{"@context":"https:\/\/schema.org","@graph":[{"@type":"WebPage","@id":"https:\/\/vanavorumaamuuseumid.ee\/lauluisa\/tootajad\/","url":"https:\/\/vanavorumaamuuseumid.ee\/lauluisa\/tootajad\/","name":"Töötajad - Vana-Võrumaa muuseumid","isPartOf":{"@id":"https:\/\/vanavorumaamuuseumid.ee\/#website"},"datePublished":"2025-06-10T05:14:57+00:00","dateModified":"2026-03-02T11:07:10+00:00","breadcrumb":{"@id":"https:\/\/vanavorumaamuuseumid.ee\/lauluisa\/tootajad\/#breadcrumb"},"inLanguage":"vo","potentialAction":[{"@type":"ReadAction","target":["https:\/\/vanavorumaamuuseumid.ee\/lauluisa\/tootajad\/"]}]},{"@type":"BreadcrumbList","@id":"https:\/\/vanavorumaamuuseumid.ee\/lauluisa\/tootajad\/#breadcrumb","itemListElement":[{"@type":"ListItem","position":1,"name":"Home","item":"https:\/\/vanavorumaamuuseumid.ee\/"},{"@type":"ListItem","position":2,"name":"Dr. Fr. R. Kreutzwaldi Memoriaalmuuseum","item":"https:\/\/vanavorumaamuuseumid.ee\/lauluisa\/"},{"@type":"ListItem","position":3,"name":"Töötajad"}]},{"@type":"WebSite","@id":"https:\/\/vanavorumaamuuseumid.ee\/#website","url":"https:\/\/vanavorumaamuuseumid.ee\/","name":"Vana-Võrumaa Muuseumid","description":"Võrumaa Muuseum, Dr. Fr. R. Kreutzwaldi Memoriaalmuuseum, Mõniste Talurahvamuuseum ja Karilatsi Vabaõhumuuseum","publisher":{"@id":"https:\/\/vanavorumaamuuseumid.ee\/#organization"},"potentialAction":[{"@type":"SearchAction","target":{"@type":"EntryPoint","urlTemplate":"https:\/\/vanavorumaamuuseumid.ee\/?s={search_term_string}"},"query-input":{"@type":"PropertyValueSpecification","valueRequired":true,"valueName":"search_term_string"}}],"inLanguage":"vo"},{"@type":"Organization","@id":"https:\/\/vanavorumaamuuseumid.ee\/#organization","name":"Võru Instituut","url":"https:\/\/vanavorumaamuuseumid.ee\/","logo":{"@type":"ImageObject","inLanguage":"vo","@id":"https:\/\/vanavorumaamuuseumid.ee\/#\/schema\/logo\/image\/","url":"https:\/\/vanavorumaamuuseumid.ee\/wp-content\/uploads\/2025\/05\/vana-voromaa-muusoumi-250516.svg","contentUrl":"https:\/\/vanavorumaamuuseumid.ee\/wp-content\/uploads\/2025\/05\/vana-voromaa-muusoumi-250516.svg","width":567,"height":80,"caption":"Võru Instituut"},"image":{"@id":"https:\/\/vanavorumaamuuseumid.ee\/#\/schema\/logo\/image\/"}}]}</script>
<!-- / Yoast SEO plugin. -->

Töötajad - Vana-Võrumaa muuseumid

Aimi Hollojuhataja &#97;&#x69;&#109;&#x69;&#46;&#x68;&#111;&#x6c;l&#x6f;&#64;&#x77;i&#x2e;e&#101;782 1798, 56297242 Malle Avanskoguhoidja malle&#46;avans&#64;&#119;&#105;&#46;&#101;&#101;782 1798 Heli Raudsikkülastusjuht info&#64;lauluisa&#46;ee782 [&hellip;]

Vana-Võrumaa muuseumid

Vana-Võrumaa Muuseumid

Võrumaa Muuseum, Dr. Fr. R. Kreutzwaldi Memoriaalmuuseum, Mõniste Talurahvamuuseum ja Karilatsi Vabaõhumuuseum

Võru Instituut
